Last updated on 2025-11-26 09:51:21 CET.
| Flavor | Version | Tinstall | Tcheck | Ttotal | Status | Flags |
|---|---|---|---|---|---|---|
| r-devel-linux-x86_64-debian-clang | 1.5.10 | 25.58 | 34.79 | 60.37 | NOTE | |
| r-devel-linux-x86_64-debian-gcc | 1.5.10 | 16.55 | 27.12 | 43.67 | NOTE | |
| r-devel-linux-x86_64-fedora-clang | 1.5.10 | 58.00 | 41.86 | 99.86 | OK | |
| r-devel-linux-x86_64-fedora-gcc | 1.5.10 | 55.00 | 37.33 | 92.33 | OK | |
| r-devel-windows-x86_64 | 1.5.10 | 34.00 | 69.00 | 103.00 | OK | |
| r-patched-linux-x86_64 | 1.5.10 | 26.58 | 31.53 | 58.11 | OK | |
| r-release-linux-x86_64 | 1.5.10 | 24.52 | 31.47 | 55.99 | OK | |
| r-release-macos-arm64 | 1.5.10 | OK | ||||
| r-release-macos-x86_64 | 1.5.10 | 13.00 | 33.00 | 46.00 | OK | |
| r-release-windows-x86_64 | 1.5.10 | 33.00 | 71.00 | 104.00 | OK | |
| r-oldrel-macos-arm64 | 1.5.10 | OK | ||||
| r-oldrel-macos-x86_64 | 1.5.10 | 14.00 | 25.00 | 39.00 | OK | |
| r-oldrel-windows-x86_64 | 1.5.10 | 37.00 | 86.00 | 123.00 | OK |
Version: 1.5.10
Check: CRAN incoming feasibility
Result: NOTE
Maintainer: ‘Michele Filosi <michele.filosi@gmail.com>’
Package CITATION file contains call(s) to old-style personList() or
as.personList(). Please use c() on person objects instead.
Package CITATION file contains call(s) to old-style citEntry(). Please
use bibentry() instead.
Flavors: r-devel-linux-x86_64-debian-clang, r-devel-linux-x86_64-debian-gcc