Last updated on 2024-08-04 09:52:35 CEST.
Flavor | Version | Tinstall | Tcheck | Ttotal | Status | Flags |
---|---|---|---|---|---|---|
r-devel-linux-x86_64-debian-clang | 3.2.1 | 4.23 | 40.83 | 45.06 | NOTE | |
r-devel-linux-x86_64-debian-gcc | 3.2.1 | 2.26 | 23.32 | 25.58 | NOTE | |
r-devel-linux-x86_64-fedora-clang | 3.2.1 | 57.19 | NOTE | |||
r-devel-linux-x86_64-fedora-gcc | 3.2.1 | 52.73 | NOTE | |||
r-devel-windows-x86_64 | 3.2.1 | 4.00 | 56.00 | 60.00 | NOTE | |
r-patched-linux-x86_64 | 3.2.1 | 4.37 | 39.09 | 43.46 | NOTE | |
r-release-linux-x86_64 | 3.2.1 | 3.65 | 38.24 | 41.89 | NOTE | |
r-release-macos-arm64 | 3.2.1 | 22.00 | NOTE | |||
r-release-macos-x86_64 | 3.2.1 | 34.00 | NOTE | |||
r-release-windows-x86_64 | 3.2.1 | 6.00 | 57.00 | 63.00 | NOTE | |
r-oldrel-macos-arm64 | 3.2.1 | 21.00 | OK | |||
r-oldrel-macos-x86_64 | 3.2.1 | 31.00 | OK | |||
r-oldrel-windows-x86_64 | 3.2.1 | 6.00 | 62.00 | 68.00 | OK |
Version: 3.2.1
Check: Rd files
Result: NOTE
checkRd: (-1) gof.estimates.Rd:59-62: Lost braces in \itemize; meant \describe ?
checkRd: (-1) gof.estimates.Rd:63-66: Lost braces in \itemize; meant \describe ?
checkRd: (-1) gof.estimates.Rd:67-70: Lost braces in \itemize; meant \describe ?
checkRd: (-1) vcov.mipfp.Rd:63-66: Lost braces in \itemize; meant \describe ?
checkRd: (-1) vcov.mipfp.Rd:67-70: Lost braces in \itemize; meant \describe ?
checkRd: (-1) vcov.mipfp.Rd:71-74: Lost braces in \itemize; meant \describe ?
checkRd: (-1) vcov.mipfp.Rd:75-78: Lost braces in \itemize; meant \describe ?
checkRd: (-1) vcov.mipfp.Rd:89-91: Lost braces in \itemize; meant \describe ?
checkRd: (-1) vcov.mipfp.Rd:92-95: Lost braces in \itemize; meant \describe ?
Flavors: r-devel-linux-x86_64-debian-clang, r-devel-linux-x86_64-debian-gcc, r-devel-linux-x86_64-fedora-clang, r-devel-linux-x86_64-fedora-gcc, r-devel-windows-x86_64, r-patched-linux-x86_64, r-release-linux-x86_64, r-release-macos-arm64, r-release-macos-x86_64, r-release-windows-x86_64