Last updated on 2025-10-21 09:48:38 CEST.
Flavor | Version | Tinstall | Tcheck | Ttotal | Status | Flags |
---|---|---|---|---|---|---|
r-devel-linux-x86_64-debian-clang | 1.1-3 | 7.13 | 338.17 | 345.30 | OK | |
r-devel-linux-x86_64-debian-gcc | 1.1-3 | 5.00 | 212.82 | 217.82 | NOTE | |
r-devel-linux-x86_64-fedora-clang | 1.1-3 | 513.22 | OK | |||
r-devel-linux-x86_64-fedora-gcc | 1.1-3 | 541.45 | OK | |||
r-devel-windows-x86_64 | 1.1-3 | 9.00 | 332.00 | 341.00 | OK | |
r-patched-linux-x86_64 | 1.1-3 | 8.00 | 326.67 | 334.67 | OK | |
r-release-linux-x86_64 | 1.1-3 | 7.41 | 328.44 | 335.85 | OK | |
r-release-macos-arm64 | 1.1-3 | 147.00 | OK | |||
r-release-macos-x86_64 | 1.1-3 | 343.00 | OK | |||
r-release-windows-x86_64 | 1.1-3 | 9.00 | 335.00 | 344.00 | OK | |
r-oldrel-macos-arm64 | 1.1-3 | 141.00 | OK | |||
r-oldrel-macos-x86_64 | 1.1-3 | 318.00 | OK | |||
r-oldrel-windows-x86_64 | 1.1-3 | 11.00 | 475.00 | 486.00 | OK |
Version: 1.1-3
Check: HTML version of manual
Result: NOTE
Found the following HTML validation problems:
miscmethods.mlogit.html:168:1 (miscmethods.mlogit.Rd:111): Warning: missing </ul> before </div>
Flavor: r-devel-linux-x86_64-debian-gcc