Last updated on 2024-08-05 09:48:12 CEST.
Flavor | Version | Tinstall | Tcheck | Ttotal | Status | Flags |
---|---|---|---|---|---|---|
r-devel-linux-x86_64-debian-clang | 0.20.2 | 32.57 | 513.05 | 545.62 | OK | |
r-devel-linux-x86_64-debian-gcc | 0.20.2 | 19.86 | 266.49 | 286.35 | OK | |
r-devel-linux-x86_64-fedora-clang | 0.20.2 | 701.25 | OK | |||
r-devel-linux-x86_64-fedora-gcc | 0.20.2 | 641.28 | OK | |||
r-devel-windows-x86_64 | 0.20.2 | 31.00 | 426.00 | 457.00 | OK | |
r-patched-linux-x86_64 | 0.20.2 | 39.59 | 374.11 | 413.70 | OK | |
r-release-linux-x86_64 | 0.20.2 | 36.14 | 473.30 | 509.44 | OK | |
r-release-macos-arm64 | 0.20.2 | 184.00 | OK | |||
r-release-macos-x86_64 | 0.20.2 | 521.00 | OK | |||
r-release-windows-x86_64 | 0.20.2 | 30.00 | 415.00 | 445.00 | OK | |
r-oldrel-macos-arm64 | 0.20.2 | 11.00 | ERROR | |||
r-oldrel-macos-x86_64 | 0.20.2 | 11.00 | ERROR | |||
r-oldrel-windows-x86_64 | 0.20.2 | 26.00 | 429.00 | 455.00 | OK |
Version: 0.20.2
Check: package dependencies
Result: ERROR
Package required and available but unsuitable version: ‘paradox’
See section ‘The DESCRIPTION file’ in the ‘Writing R Extensions’
manual.
Flavors: r-oldrel-macos-arm64, r-oldrel-macos-x86_64