Last updated on 2025-10-22 09:50:41 CEST.
Flavor | Version | Tinstall | Tcheck | Ttotal | Status | Flags |
---|---|---|---|---|---|---|
r-devel-linux-x86_64-debian-clang | 0.1.0 | 4.64 | 61.97 | 66.61 | NOTE | |
r-devel-linux-x86_64-debian-gcc | 0.1.0 | 3.25 | 43.98 | 47.23 | NOTE | |
r-devel-linux-x86_64-fedora-clang | 0.1.0 | 14.00 | 82.47 | 96.47 | OK | |
r-devel-linux-x86_64-fedora-gcc | 0.1.0 | 83.17 | OK | |||
r-devel-windows-x86_64 | 0.1.0 | 6.00 | 66.00 | 72.00 | OK | |
r-patched-linux-x86_64 | 0.1.0 | 3.47 | 54.59 | 58.06 | NOTE | |
r-release-linux-x86_64 | 0.1.0 | 3.14 | 52.40 | 55.54 | NOTE | |
r-release-macos-arm64 | 0.1.0 | 2.00 | 33.00 | 35.00 | OK | |
r-release-macos-x86_64 | 0.1.0 | 4.00 | 53.00 | 57.00 | OK | |
r-release-windows-x86_64 | 0.1.0 | 6.00 | 67.00 | 73.00 | OK | |
r-oldrel-macos-arm64 | 0.1.0 | 2.00 | 26.00 | 28.00 | OK | |
r-oldrel-macos-x86_64 | 0.1.0 | 3.00 | 41.00 | 44.00 | OK | |
r-oldrel-windows-x86_64 | 0.1.0 | 8.00 | 81.00 | 89.00 | OK |
Version: 0.1.0
Check: for unstated dependencies in ‘demo’
Result: NOTE
'library' or 'require' calls not declared from:
‘future’ ‘mlr3tuning’
Flavors: r-devel-linux-x86_64-debian-clang, r-devel-linux-x86_64-debian-gcc, r-patched-linux-x86_64, r-release-linux-x86_64