Last updated on 2025-05-28 09:53:01 CEST.
Flavor | Version | Tinstall | Tcheck | Ttotal | Status | Flags |
---|---|---|---|---|---|---|
r-devel-linux-x86_64-debian-clang | 1.2.0 | 14.23 | 135.45 | 149.68 | NOTE | |
r-devel-linux-x86_64-debian-gcc | 1.2.0 | 9.42 | 98.14 | 107.56 | NOTE | |
r-devel-linux-x86_64-fedora-clang | 1.2.0 | 234.06 | OK | |||
r-devel-linux-x86_64-fedora-gcc | 1.2.0 | 277.99 | OK | |||
r-devel-windows-x86_64 | 1.2.0 | 14.00 | 138.00 | 152.00 | NOTE | |
r-patched-linux-x86_64 | 1.2.0 | 11.83 | 128.86 | 140.69 | NOTE | |
r-release-linux-x86_64 | 1.2.0 | 14.18 | 128.09 | 142.27 | NOTE | |
r-release-macos-arm64 | 1.2.0 | 97.00 | OK | |||
r-release-macos-x86_64 | 1.2.0 | 167.00 | OK | |||
r-release-windows-x86_64 | 1.2.0 | 14.00 | 135.00 | 149.00 | NOTE | |
r-oldrel-macos-arm64 | 1.2.0 | 98.00 | OK | |||
r-oldrel-macos-x86_64 | 1.2.0 | 132.00 | OK | |||
r-oldrel-windows-x86_64 | 1.2.0 | 19.00 | 191.00 | 210.00 | OK |
Version: 1.2.0
Check: Rd cross-references
Result: NOTE
Found the following Rd file(s) with Rd \link{} targets missing package
anchors:
model_grid.Rd: train
Please provide package anchors for all Rd \link{} targets not in the
package itself and the base packages.
Flavors: r-devel-linux-x86_64-debian-clang, r-devel-linux-x86_64-debian-gcc, r-devel-windows-x86_64, r-patched-linux-x86_64, r-release-linux-x86_64, r-release-windows-x86_64