Last updated on 2024-08-05 09:48:12 CEST.
Flavor | Version | Tinstall | Tcheck | Ttotal | Status | Flags |
---|---|---|---|---|---|---|
r-devel-linux-x86_64-debian-clang | 1.2.1 | 8.36 | 105.94 | 114.30 | NOTE | |
r-devel-linux-x86_64-debian-gcc | 1.2.1 | 3.91 | 56.55 | 60.46 | NOTE | |
r-devel-linux-x86_64-fedora-clang | 1.2.1 | 146.26 | NOTE | |||
r-devel-linux-x86_64-fedora-gcc | 1.2.1 | 146.65 | NOTE | |||
r-devel-windows-x86_64 | 1.2.1 | 10.00 | 98.00 | 108.00 | NOTE | |
r-patched-linux-x86_64 | 1.2.1 | 5.15 | 77.52 | 82.67 | NOTE | |
r-release-linux-x86_64 | 1.2.1 | 4.39 | 99.21 | 103.60 | NOTE | |
r-release-macos-arm64 | 1.2.1 | 56.00 | NOTE | |||
r-release-macos-x86_64 | 1.2.1 | 100.00 | NOTE | |||
r-release-windows-x86_64 | 1.2.1 | 8.00 | 96.00 | 104.00 | NOTE | |
r-oldrel-macos-arm64 | 1.2.1 | 48.00 | OK | |||
r-oldrel-macos-x86_64 | 1.2.1 | 79.00 | OK | |||
r-oldrel-windows-x86_64 | 1.2.1 | 8.00 | 123.00 | 131.00 | OK |
Version: 1.2.1
Check: Rd files
Result: NOTE
checkRd: (-1) circ_dist.Rd:21: Lost braces; missing escapes or markup?
21 | The distance between two observations {i} and {j} of a circular variable {q}
| ^
checkRd: (-1) circ_dist.Rd:21: Lost braces; missing escapes or markup?
21 | The distance between two observations {i} and {j} of a circular variable {q}
| ^
checkRd: (-1) circ_dist.Rd:21: Lost braces; missing escapes or markup?
21 | The distance between two observations {i} and {j} of a circular variable {q}
| ^
Flavors: r-devel-linux-x86_64-debian-clang, r-devel-linux-x86_64-debian-gcc, r-devel-linux-x86_64-fedora-clang, r-devel-linux-x86_64-fedora-gcc, r-devel-windows-x86_64, r-patched-linux-x86_64, r-release-linux-x86_64, r-release-macos-arm64, r-release-macos-x86_64, r-release-windows-x86_64