Last updated on 2025-11-02 09:48:41 CET.
| Flavor | Version | Tinstall | Tcheck | Ttotal | Status | Flags |
|---|---|---|---|---|---|---|
| r-devel-linux-x86_64-debian-clang | 0.1.8 | 26.27 | 57.76 | 84.03 | OK | |
| r-devel-linux-x86_64-debian-gcc | 0.1.9 | 23.38 | 50.27 | 73.65 | OK | |
| r-devel-linux-x86_64-fedora-clang | 0.1.9 | 97.00 | 40.23 | 137.23 | OK | |
| r-devel-linux-x86_64-fedora-gcc | 0.1.8 | 62.00 | 69.50 | 131.50 | OK | |
| r-devel-windows-x86_64 | 0.1.9 | 63.00 | 92.00 | 155.00 | OK | |
| r-patched-linux-x86_64 | 0.1.8 | 28.47 | 57.71 | 86.18 | OK | |
| r-release-linux-x86_64 | 0.1.8 | 26.59 | 57.69 | 84.28 | OK | |
| r-release-macos-arm64 | 0.1.9 | 14.00 | 46.00 | 60.00 | OK | |
| r-release-macos-x86_64 | 0.1.9 | 13.00 | 66.00 | 79.00 | OK | |
| r-release-windows-x86_64 | 0.1.8 | 55.00 | 88.00 | 143.00 | OK | |
| r-oldrel-macos-arm64 | 0.1.9 | 13.00 | 44.00 | 57.00 | NOTE | |
| r-oldrel-macos-x86_64 | 0.1.9 | 12.00 | 77.00 | 89.00 | NOTE | |
| r-oldrel-windows-x86_64 | 0.1.8 | 61.00 | 112.00 | 173.00 | NOTE |
Version: 0.1.9
Check: for GNU extensions in Makefiles
Result: NOTE
GNU make is a SystemRequirements.
Flavors: r-oldrel-macos-arm64, r-oldrel-macos-x86_64
Version: 0.1.8
Check: for GNU extensions in Makefiles
Result: NOTE
GNU make is a SystemRequirements.
Flavor: r-oldrel-windows-x86_64