Last updated on 2025-05-28 09:53:01 CEST.
Flavor | Version | Tinstall | Tcheck | Ttotal | Status | Flags |
---|---|---|---|---|---|---|
r-devel-linux-x86_64-debian-clang | 3.2.3 | 65.20 | 84.41 | 149.61 | OK | |
r-devel-linux-x86_64-debian-gcc | 3.2.3 | 48.40 | 57.85 | 106.25 | OK | |
r-devel-linux-x86_64-fedora-clang | 3.2.3 | 277.78 | OK | |||
r-devel-linux-x86_64-fedora-gcc | 3.2.3 | 257.75 | OK | |||
r-devel-windows-x86_64 | 3.2.3 | 86.00 | 132.00 | 218.00 | OK | |
r-patched-linux-x86_64 | 3.2.3 | 72.04 | 78.38 | 150.42 | OK | |
r-release-linux-x86_64 | 3.2.3 | 67.83 | 78.99 | 146.82 | OK | |
r-release-macos-arm64 | 3.2.3 | 63.00 | OK | |||
r-release-macos-x86_64 | 3.2.3 | 109.00 | OK | |||
r-release-windows-x86_64 | 3.2.3 | 85.00 | 130.00 | 215.00 | OK | |
r-oldrel-macos-arm64 | 3.2.3 | 79.00 | NOTE | |||
r-oldrel-macos-x86_64 | 3.2.3 | 84.00 | NOTE | |||
r-oldrel-windows-x86_64 | 3.2.3 | 95.00 | 174.00 | 269.00 | OK |
Version: 3.2.3
Check: installed package size
Result: NOTE
installed size is 6.4Mb
sub-directories of 1Mb or more:
data 3.0Mb
libs 2.6Mb
Flavors: r-oldrel-macos-arm64, r-oldrel-macos-x86_64