Last updated on 2024-09-08 09:48:24 CEST.
Flavor | Version | Tinstall | Tcheck | Ttotal | Status | Flags |
---|---|---|---|---|---|---|
r-devel-linux-x86_64-debian-clang | 0.2-8 | 4.38 | 63.55 | 67.93 | OK | |
r-devel-linux-x86_64-debian-gcc | 0.2-8 | 3.12 | 45.13 | 48.25 | OK | |
r-devel-linux-x86_64-fedora-clang | 0.2-8 | 108.28 | NOTE | |||
r-devel-linux-x86_64-fedora-gcc | 0.2-8 | 178.01 | NOTE | |||
r-devel-windows-x86_64 | 0.2-8 | 11.00 | 112.00 | 123.00 | OK | |
r-patched-linux-x86_64 | 0.2-8 | 4.16 | 59.70 | 63.86 | OK | |
r-release-linux-x86_64 | 0.2-8 | 4.00 | 59.80 | 63.80 | OK | |
r-release-macos-arm64 | 0.2-8 | 61.00 | OK | |||
r-release-macos-x86_64 | 0.2-8 | 127.00 | OK | |||
r-release-windows-x86_64 | 0.2-8 | 9.00 | 109.00 | 118.00 | OK | |
r-oldrel-macos-arm64 | 0.2-8 | 85.00 | OK | |||
r-oldrel-macos-x86_64 | 0.2-8 | 182.00 | OK | |||
r-oldrel-windows-x86_64 | 0.2-8 | 11.00 | 115.00 | 126.00 | OK |
Version: 0.2-8
Check: data for non-ASCII characters
Result: NOTE
Note: found 121 marked UTF-8 strings
Flavors: r-devel-linux-x86_64-fedora-clang, r-devel-linux-x86_64-fedora-gcc