Last updated on 2025-10-21 09:48:38 CEST.
Flavor | Version | Tinstall | Tcheck | Ttotal | Status | Flags |
---|---|---|---|---|---|---|
r-devel-linux-x86_64-debian-clang | 0.4.1 | 6.66 | 54.86 | 61.52 | OK | |
r-devel-linux-x86_64-debian-gcc | 0.4.1 | 4.01 | 38.37 | 42.38 | NOTE | |
r-devel-linux-x86_64-fedora-clang | 0.4.1 | 93.08 | OK | |||
r-devel-linux-x86_64-fedora-gcc | 0.4.1 | 84.49 | OK | |||
r-devel-windows-x86_64 | 0.4.1 | 8.00 | 71.00 | 79.00 | OK | |
r-patched-linux-x86_64 | 0.4.1 | 6.55 | 49.14 | 55.69 | OK | |
r-release-linux-x86_64 | 0.4.1 | 6.56 | 48.74 | 55.30 | OK | |
r-release-macos-arm64 | 0.4.1 | 31.00 | OK | |||
r-release-macos-x86_64 | 0.4.1 | 53.00 | OK | |||
r-release-windows-x86_64 | 0.4.1 | 33.00 | 76.00 | 109.00 | OK | |
r-oldrel-macos-arm64 | 0.4.1 | 34.00 | OK | |||
r-oldrel-macos-x86_64 | 0.4.1 | 57.00 | OK | |||
r-oldrel-windows-x86_64 | 0.4.1 | 13.00 | 84.00 | 97.00 | OK |
Version: 0.4.1
Check: HTML version of manual
Result: NOTE
Found the following HTML validation problems:
chart_ax_x.html:112:1 (chart_ax_x.Rd:60): Warning: <h3> anchor "num_fmt" already defined
chart_ax_y.html:118:1 (chart_ax_y.Rd:66): Warning: <h3> anchor "num_fmt" already defined
chart_data_labels.html:97:1 (chart_data_labels.Rd:43): Warning: missing </ul> before </div>
print.ms_chart.html:59:1 (print.ms_chart.Rd:14): Warning: missing </ul> before </div>
Flavor: r-devel-linux-x86_64-debian-gcc