Last updated on 2025-11-14 09:50:09 CET.
| Flavor | Version | Tinstall | Tcheck | Ttotal | Status | Flags |
|---|---|---|---|---|---|---|
| r-devel-linux-x86_64-debian-clang | 3.1 | 4.09 | 415.47 | 419.56 | NOTE | |
| r-devel-linux-x86_64-debian-gcc | 3.1 | 2.73 | 241.98 | 244.71 | NOTE | |
| r-devel-linux-x86_64-fedora-clang | 3.1 | 684.85 | OK | |||
| r-devel-linux-x86_64-fedora-gcc | 3.1 | 695.96 | OK | |||
| r-devel-windows-x86_64 | 3.1 | 4.00 | 345.00 | 349.00 | OK | |
| r-patched-linux-x86_64 | 3.1 | 4.22 | 399.69 | 403.91 | OK | |
| r-release-linux-x86_64 | 3.1 | 3.76 | 407.24 | 411.00 | OK | |
| r-release-macos-arm64 | 3.1 | 2.00 | 133.00 | 135.00 | OK | |
| r-release-macos-x86_64 | 3.1 | 3.00 | 368.00 | 371.00 | OK | |
| r-release-windows-x86_64 | 3.1 | 6.00 | 329.00 | 335.00 | OK | |
| r-oldrel-macos-arm64 | 3.1 | 2.00 | 125.00 | 127.00 | OK | |
| r-oldrel-macos-x86_64 | 3.1 | 3.00 | 322.00 | 325.00 | OK | |
| r-oldrel-windows-x86_64 | 3.1 | 5.00 | 482.00 | 487.00 | OK |
Version: 3.1
Check: CRAN incoming feasibility
Result: NOTE
Maintainer: ‘Atsushi Kawaguchi <kawa_a24@yahoo.co.jp>’
No Authors@R field in DESCRIPTION.
Please add one, modifying
Authors@R: person(given = "Atsushi",
family = "Kawaguchi",
role = c("aut", "cre"),
email = "kawa_a24@yahoo.co.jp")
as necessary.
Flavors: r-devel-linux-x86_64-debian-clang, r-devel-linux-x86_64-debian-gcc