Last updated on 2025-10-31 08:50:20 CET.
| Flavor | Version | Tinstall | Tcheck | Ttotal | Status | Flags | 
|---|---|---|---|---|---|---|
| r-devel-linux-x86_64-debian-clang | 1.1-11 | 4.32 | 75.61 | 79.93 | NOTE | |
| r-devel-linux-x86_64-debian-gcc | 1.1-11 | 3.72 | 57.94 | 61.66 | NOTE | |
| r-devel-linux-x86_64-fedora-clang | 1.1-11 | 11.00 | 105.55 | 116.55 | OK | |
| r-devel-linux-x86_64-fedora-gcc | 1.1-11 | 11.00 | 119.09 | 130.09 | OK | |
| r-devel-windows-x86_64 | 1.1-11 | 6.00 | 131.00 | 137.00 | OK | |
| r-patched-linux-x86_64 | 1.1-11 | 4.71 | 76.90 | 81.61 | OK | |
| r-release-linux-x86_64 | 1.1-11 | 4.92 | 75.86 | 80.78 | OK | |
| r-release-macos-arm64 | 1.1-11 | 3.00 | 61.00 | 64.00 | WARN | |
| r-release-macos-x86_64 | 1.1-11 | 9.00 | 112.00 | 121.00 | OK | |
| r-release-windows-x86_64 | 1.1-11 | 7.00 | 138.00 | 145.00 | OK | |
| r-oldrel-macos-arm64 | 1.1-11 | 3.00 | 62.00 | 65.00 | WARN | |
| r-oldrel-macos-x86_64 | 1.1-11 | 4.00 | 88.00 | 92.00 | OK | |
| r-oldrel-windows-x86_64 | 1.1-11 | 6.00 | 143.00 | 149.00 | OK | 
Version: 1.1-11
Check: CRAN incoming feasibility
Result: NOTE
  Maintainer: ‘Robin K. S. Hankin <hankin.robin@gmail.com>’
  
  The BugReports field in DESCRIPTION has
    https://github.com/RobinHankin/multivator
  which should likely be
    https://github.com/RobinHankin/multivator/issues
  instead.
Flavors: r-devel-linux-x86_64-debian-clang, r-devel-linux-x86_64-debian-gcc
Version: 1.1-11
Check: re-building of vignette outputs
Result: WARN
  Error(s) in re-building vignettes:
  --- re-building ‘cias.Rnw’ using Sweave
  
  Attaching package: ‘multivator’
  
  The following objects are masked from ‘package:base’:
  
      levels, rbind
  
  --- finished re-building ‘cias.Rnw’
  
  --- re-building ‘multivator.Rnw’ using Sweave
  
  Attaching package: 'multivator'
  
  The following objects are masked from 'package:base':
  
      levels, rbind
  
  Error: processing vignette 'multivator.Rnw' failed with diagnostics:
  Running 'texi2dvi' on 'multivator.tex' failed.
  LaTeX errors:
  !pdfTeX error: pdflatex (file bbm10): Font bbm10 at 657 not found
   ==> Fatal error occurred, no output PDF file produced!
  --- failed re-building 'multivator.Rnw'
  
  SUMMARY: processing the following file failed:
    ‘multivator.Rnw’
  
  Error: Vignette re-building failed.
  Execution halted
Flavors: r-release-macos-arm64, r-oldrel-macos-arm64