Last updated on 2025-10-22 09:50:41 CEST.
Flavor | Version | Tinstall | Tcheck | Ttotal | Status | Flags |
---|---|---|---|---|---|---|
r-devel-linux-x86_64-debian-clang | 0.1.0 | 8.11 | 34.29 | 42.40 | NOTE | |
r-devel-linux-x86_64-debian-gcc | 0.1.0 | 5.43 | 26.55 | 31.98 | NOTE | |
r-devel-linux-x86_64-fedora-clang | 0.1.0 | 23.00 | 40.47 | 63.47 | OK | |
r-devel-linux-x86_64-fedora-gcc | 0.1.0 | 19.00 | 39.86 | 58.86 | OK | |
r-devel-windows-x86_64 | 0.1.0 | 10.00 | 52.00 | 62.00 | OK | |
r-patched-linux-x86_64 | 0.1.0 | 8.27 | 31.00 | 39.27 | OK | |
r-release-linux-x86_64 | 0.1.0 | 7.51 | 31.34 | 38.85 | OK | |
r-release-macos-arm64 | 0.1.0 | 3.00 | 21.00 | 24.00 | OK | |
r-release-macos-x86_64 | 0.1.0 | 6.00 | 31.00 | 37.00 | OK | |
r-release-windows-x86_64 | 0.1.0 | 11.00 | 52.00 | 63.00 | OK | |
r-oldrel-macos-arm64 | 0.1.0 | 4.00 | 26.00 | 30.00 | OK | |
r-oldrel-macos-x86_64 | 0.1.0 | 6.00 | 36.00 | 42.00 | OK | |
r-oldrel-windows-x86_64 | 0.1.0 | 13.00 | 61.00 | 74.00 | OK |
Version: 0.1.0
Check: HTML version of manual
Result: NOTE
Found the following HTML validation problems:
CopyStrategy.html:92:1 (CopyStrategy.Rd:49): Warning: <h5> anchor "Usage" already defined
CopyStrategy.html:98:1 (CopyStrategy.Rd:53): Warning: <h5> anchor "Arguments" already defined
FileTestStrategy.html:103:1 (FileTestStrategy.Rd:60): Warning: <h5> anchor "Usage" already defined
FileTestStrategy.html:109:1 (FileTestStrategy.Rd:64): Warning: <h5> anchor "Arguments" already defined
FileTestStrategy.html:143:1 (FileTestStrategy.Rd:84): Warning: <h5> anchor "Usage" already defined
FileTestStrategy.html:149:1 (FileTestStrategy.Rd:88): Warning: <h5> anchor "Arguments" already defined
FullTestStrategy.html:99:1 (FullTestStrategy.Rd:56): Warning: <h5> anchor "Usage" already defined
FullTestStrategy.html:105:1 (FullTestStrategy.Rd:60): Warning: <h5> anchor "Arguments" already defined
FullTestStrategy.html:139:1 (FullTestStrategy.Rd:80): Warning: <h5> anchor "Usage" already defined
FullTestStrategy.html:145:1 (FullTestStrategy.Rd:84): Warning: <h5> anchor "Arguments" already defined
MutationReporter.html:153:1 (MutationReporter.Rd:87): Warning: <h5> anchor "Usage" already defined
MutationReporter.html:159:1 (MutationReporter.Rd:91): Warning: <h5> anchor "Arguments" already defined
MutationReporter.html:184:1 (MutationReporter.Rd:106): Warning: <h5> anchor "Usage" already defined
MutationReporter.html:190:1 (MutationReporter.Rd:110): Warning: <h5> anchor "Arguments" already defined
MutationReporter.html:213:1 (MutationReporter.Rd:123): Warning: <h5> anchor "Usage" already defined
MutationReporter.html:219:1 (MutationReporter.Rd:127): Warning: <h5> anchor "Arguments" already defined
MutationReporter.html:242:1 (MutationReporter.Rd:140): Warning: <h5> anchor "Usage" already defined
MutationReporter.html:248:1 (MutationReporter.Rd:144): Warning: <h5> anchor "Arguments" already defined
MutationReporter.html:277:1 (MutationReporter.Rd:163): Warning: <h5> anchor "Usage" already defined
MutationReporter.html:293:1 (MutationReporter.Rd:173): Warning: <h5> anchor "Usage" already defined
MutationReporter.html:309:1 (MutationReporter.Rd:183): Warning: <h5> anchor "Usage" already defined
MutationReporter.html:325:1 (MutationReporter.Rd:193): Warning: <h5> anchor "Usage" already defined
MutationReporter.html:341:1 (MutationReporter.Rd:203): Warning: <h5> anchor "Usage" already defined
MutationReporter.html:347:1 (MutationReporter.Rd:207): Warning: <h5> anchor "Arguments" already defined
MutationReporter.html:370:1 (MutationReporter.Rd:220): Warning: <h5> anchor "Usage" already defined
MutationReporter.html:376:1 (MutationReporter.Rd:224): Warning: <h5> anchor "Arguments" already defined
MutationReporter.html:399:1 (MutationReporter.Rd:237): Warning: <h5> anchor "Usage" already defined
MutationReporter.html:405:1 (MutationReporter.Rd:241): Warning: <h5> anchor "Arguments" already defined
MutationReporter.html:428:1 (MutationReporter.Rd:254): Warning: <h5> anchor "Usage" already defined
MutationReporter.html:434:1 (MutationReporter.Rd:258): Warning: <h5> anchor "Arguments" already defined
PackageCopyStrategy.html:98:1 (PackageCopyStrategy.Rd:52): Warning: <h5> anchor "Usage" already defined
PackageCopyStrategy.html:104:1 (PackageCopyStrategy.Rd:56): Warning: <h5> anchor "Arguments" already defined
ProgressMutationReporter.html:150:1 (ProgressMutationReporter.Rd:85): Warning: <h5> anchor "Usage" already defined
ProgressMutationReporter.html:166:1 (ProgressMutationReporter.Rd:95): Warning: <h5> anchor "Usage" already defined
ProgressMutationReporter.html:172:1 (ProgressMutationReporter.Rd:99): Warning: <h5> anchor "Arguments" already defined
ProgressMutationReporter.html:216:1 (ProgressMutationReporter.Rd:129): Warning: <h5> anchor "Usage" already defined
ProgressMutationReporter.html:226:1 (ProgressMutationReporter.Rd:137): Warning: <h5> anchor "Arguments" already defined
ProgressMutationReporter.html:253:1 (ProgressMutationReporter.Rd:154): Warning: <h5> anchor "Usage" already defined
ProgressMutationReporter.html:259:1 (ProgressMutationReporter.Rd:158): Warning: <h5> anchor "Arguments" already defined
ProgressMutationReporter.html:282:1 (ProgressMutationReporter.Rd:171): Warning: <h5> anchor "Usage" already defined
ProgressMutationReporter.html:288:1 (ProgressMutationReporter.Rd:175): Warning: <h5> anchor "Arguments" already defined
ProgressMutationReporter.html:317:1 (ProgressMutationReporter.Rd:194): Warning: <h5> anchor "Usage" already defined
ProgressMutationReporter.html:323:1 (ProgressMutationReporter.Rd:198): Warning: <h5> anchor "Arguments" already defined
ProgressMutationReporter.html:346:1 (ProgressMutationReporter.Rd:211): Warning: <h5> anchor "Usage" already defined
ProgressMutationReporter.html:362:1 (ProgressMutationReporter.Rd:221): Warning: <h5> anchor "Usage" already defined
ProgressMutationReporter.html:378:1 (ProgressMutationReporter.Rd:231): Warning: <h5> anchor "Usage" already defined
ProgressMutationReporter.html:394:1 (ProgressMutationReporter.Rd:241): Warning: <h5> anchor "Usage" already defined
ProgressMutationReporter.html:400:1 (ProgressMutationReporter.Rd:245): Warning: <h5> anchor "Arguments" already defined
TestStrategy.html:94:1 (TestStrategy.Rd:52): Warning: <h5> anchor "Usage" already defined
TestStrategy.html:100:1 (TestStrategy.Rd:56): Warning: <h5> anchor "Arguments" already defined
Flavors: r-devel-linux-x86_64-debian-clang, r-devel-linux-x86_64-debian-gcc