Last updated on 2025-10-31 08:50:20 CET.
| Flavor | Version | Tinstall | Tcheck | Ttotal | Status | Flags | 
|---|---|---|---|---|---|---|
| r-devel-linux-x86_64-debian-clang | 1.0-8 | 2.47 | 41.40 | 43.87 | NOTE | |
| r-devel-linux-x86_64-debian-gcc | 1.0-8 | 2.07 | 32.33 | 34.40 | NOTE | |
| r-devel-linux-x86_64-fedora-clang | 1.0-8 | 64.66 | OK | |||
| r-devel-linux-x86_64-fedora-gcc | 1.0-8 | 76.14 | OK | |||
| r-devel-windows-x86_64 | 1.0-8 | 4.00 | 53.00 | 57.00 | OK | |
| r-patched-linux-x86_64 | 1.0-8 | 2.43 | 37.84 | 40.27 | NOTE | |
| r-release-linux-x86_64 | 1.0-8 | 2.37 | 37.71 | 40.08 | NOTE | |
| r-release-macos-arm64 | 1.0-8 | 2.00 | 28.00 | 30.00 | OK | |
| r-release-macos-x86_64 | 1.0-8 | 2.00 | 48.00 | 50.00 | OK | |
| r-release-windows-x86_64 | 1.0-8 | 5.00 | 54.00 | 59.00 | OK | |
| r-oldrel-macos-arm64 | 1.0-8 | 2.00 | 40.00 | 42.00 | OK | |
| r-oldrel-macos-x86_64 | 1.0-8 | 2.00 | 40.00 | 42.00 | OK | |
| r-oldrel-windows-x86_64 | 1.0-8 | 5.00 | 65.00 | 70.00 | OK | 
Version: 1.0-8
Check: CRAN incoming feasibility
Result: NOTE
  Maintainer: ‘Constantin Weiser <constantin.weiser@gmail.com>’
  
  No Authors@R field in DESCRIPTION.
  Please add one, modifying
    Authors@R: person(given = "Constantin",
                      family = "Weiser",
                      role = c("aut", "cre"),
                      email = "constantin.weiser@gmail.com",
                      comment = "University Mainz / Germany")
  as necessary.
Flavors: r-devel-linux-x86_64-debian-clang, r-devel-linux-x86_64-debian-gcc
Version: 1.0-8
Check: for unstated dependencies in ‘demo’
Result: NOTE
  'library' or 'require' call not declared from: ‘mvtnorm’
Flavors: r-devel-linux-x86_64-debian-clang, r-devel-linux-x86_64-debian-gcc, r-patched-linux-x86_64, r-release-linux-x86_64