Last updated on 2024-07-13 09:49:11 CEST.
Flavor | Version | Tinstall | Tcheck | Ttotal | Status | Flags |
---|---|---|---|---|---|---|
r-devel-linux-x86_64-debian-clang | 1.1.0 | 15.02 | 350.28 | 365.30 | NOTE | |
r-devel-linux-x86_64-debian-gcc | 1.1.0 | 10.83 | 249.25 | 260.08 | NOTE | |
r-devel-linux-x86_64-fedora-clang | 1.1.0 | 408.22 | NOTE | |||
r-devel-linux-x86_64-fedora-gcc | 1.1.0 | 428.08 | NOTE | |||
r-devel-windows-x86_64 | 1.1.0 | 11.00 | 326.00 | 337.00 | NOTE | |
r-patched-linux-x86_64 | 1.1.0 | 12.93 | 334.46 | 347.39 | NOTE | |
r-release-linux-x86_64 | 1.1.0 | 8.67 | 324.76 | 333.43 | NOTE | |
r-release-macos-arm64 | 1.1.0 | 140.00 | NOTE | |||
r-release-macos-x86_64 | 1.1.0 | 230.00 | NOTE | |||
r-release-windows-x86_64 | 1.1.0 | 11.00 | 331.00 | 342.00 | NOTE | |
r-oldrel-macos-arm64 | 1.1.0 | 131.00 | NOTE | |||
r-oldrel-macos-x86_64 | 1.1.0 | 292.00 | NOTE | |||
r-oldrel-windows-x86_64 | 1.1.0 | 16.00 | 380.00 | 396.00 | NOTE |
Version: 1.1.0
Check: package dependencies
Result: NOTE
Package suggested but not available for checking: ‘rTubeDB’
Flavors: r-devel-linux-x86_64-debian-clang, r-devel-linux-x86_64-debian-gcc, r-devel-linux-x86_64-fedora-clang, r-devel-linux-x86_64-fedora-gcc, r-devel-windows-x86_64, r-patched-linux-x86_64, r-release-linux-x86_64, r-release-macos-arm64, r-release-macos-x86_64, r-release-windows-x86_64, r-oldrel-macos-arm64, r-oldrel-macos-x86_64, r-oldrel-windows-x86_64
Version: 1.1.0
Check: Rd cross-references
Result: NOTE
Package unavailable to check Rd xrefs: ‘rTubeDB’
Flavors: r-devel-linux-x86_64-debian-clang, r-devel-linux-x86_64-debian-gcc, r-devel-linux-x86_64-fedora-clang, r-devel-linux-x86_64-fedora-gcc, r-devel-windows-x86_64, r-patched-linux-x86_64, r-release-linux-x86_64, r-release-macos-arm64, r-release-macos-x86_64, r-release-windows-x86_64, r-oldrel-macos-arm64, r-oldrel-macos-x86_64, r-oldrel-windows-x86_64
Version: 1.1.0
Check: data for non-ASCII characters
Result: NOTE
Note: found 4 marked UTF-8 strings
Flavors: r-devel-linux-x86_64-fedora-clang, r-devel-linux-x86_64-fedora-gcc