Last updated on 2024-07-08 09:49:03 CEST.
Flavor | Version | Tinstall | Tcheck | Ttotal | Status | Flags |
---|---|---|---|---|---|---|
r-devel-linux-x86_64-debian-clang | 1.13.3 | 11.80 | 106.36 | 118.16 | NOTE | |
r-devel-linux-x86_64-debian-gcc | 1.13.3 | 9.19 | 77.27 | 86.46 | NOTE | |
r-devel-linux-x86_64-fedora-clang | 1.13.3 | 144.41 | NOTE | |||
r-devel-linux-x86_64-fedora-gcc | 1.13.3 | 148.59 | NOTE | |||
r-devel-windows-x86_64 | 1.13.3 | 11.00 | 99.00 | 110.00 | NOTE | |
r-patched-linux-x86_64 | 1.13.3 | 18.47 | 101.56 | 120.03 | NOTE | |
r-release-linux-x86_64 | 1.13.3 | 7.69 | 98.54 | 106.23 | NOTE | |
r-release-macos-arm64 | 1.13.3 | 52.00 | NOTE | |||
r-release-macos-x86_64 | 1.13.3 | 67.00 | NOTE | |||
r-release-windows-x86_64 | 1.13.3 | 12.00 | 99.00 | 111.00 | NOTE | |
r-oldrel-macos-arm64 | 1.13.3 | 48.00 | OK | |||
r-oldrel-macos-x86_64 | 1.13.3 | 67.00 | OK | |||
r-oldrel-windows-x86_64 | 1.13.3 | 15.00 | 121.00 | 136.00 | OK |
Version: 1.13.3
Check: Rd files
Result: NOTE
checkRd: (-1) norm_tests.Rd:69: Lost braces
69 | Anderson-Darling test." See url{https://github.com/Lakens/perfect-t-test} for
| ^
checkRd: (-1) t_neat.Rd:243: Lost braces
243 | Anderson-Darling test." See url{https://github.com/Lakens/perfect-t-test} for
| ^
Flavors: r-devel-linux-x86_64-debian-clang, r-devel-linux-x86_64-debian-gcc, r-devel-linux-x86_64-fedora-clang, r-devel-linux-x86_64-fedora-gcc, r-devel-windows-x86_64, r-patched-linux-x86_64, r-release-linux-x86_64, r-release-macos-arm64, r-release-macos-x86_64, r-release-windows-x86_64