Last updated on 2024-08-05 09:48:12 CEST.
Flavor | Version | Tinstall | Tcheck | Ttotal | Status | Flags |
---|---|---|---|---|---|---|
r-devel-linux-x86_64-debian-clang | 1.1.0 | 19.85 | 196.18 | 216.03 | OK | |
r-devel-linux-x86_64-debian-gcc | 1.1.0 | 10.06 | 110.51 | 120.57 | NOTE | |
r-devel-linux-x86_64-fedora-clang | 1.1.0 | 293.52 | OK | |||
r-devel-linux-x86_64-fedora-gcc | 1.1.0 | 264.12 | OK | |||
r-devel-windows-x86_64 | 1.1.0 | 17.00 | 162.00 | 179.00 | NOTE | |
r-patched-linux-x86_64 | 1.1.0 | 18.53 | 145.65 | 164.18 | OK | |
r-release-linux-x86_64 | 1.1.0 | 10.83 | 192.65 | 203.48 | OK | |
r-release-macos-arm64 | 1.1.0 | 80.00 | OK | |||
r-release-macos-x86_64 | 1.1.0 | 125.00 | OK | |||
r-release-windows-x86_64 | 1.1.0 | 15.00 | 158.00 | 173.00 | OK | |
r-oldrel-macos-arm64 | 1.1.0 | 92.00 | OK | |||
r-oldrel-macos-x86_64 | 1.1.0 | 158.00 | OK | |||
r-oldrel-windows-x86_64 | 1.1.0 | 20.00 | 200.00 | 220.00 | OK |
Version: 1.1.0
Check: Rd cross-references
Result: NOTE
Found the following Rd file(s) with Rd \link{} targets missing package
anchors:
step_nest.Rd: tidy.recipe
Please provide package anchors for all Rd \link{} targets not in the
package itself and the base packages.
Flavors: r-devel-linux-x86_64-debian-gcc, r-devel-windows-x86_64