Last updated on 2024-08-05 09:48:12 CEST.
Flavor | Version | Tinstall | Tcheck | Ttotal | Status | Flags |
---|---|---|---|---|---|---|
r-devel-linux-x86_64-debian-clang | 1.0.0 | 33.83 | 371.69 | 405.52 | NOTE | |
r-devel-linux-x86_64-debian-gcc | 1.0.0 | 15.80 | 191.88 | 207.68 | NOTE | |
r-devel-linux-x86_64-fedora-clang | 1.0.0 | 513.03 | NOTE | |||
r-devel-linux-x86_64-fedora-gcc | 1.0.0 | 496.91 | NOTE | |||
r-devel-windows-x86_64 | 1.0.0 | 29.00 | 345.00 | 374.00 | NOTE | |
r-patched-linux-x86_64 | 1.0.0 | 24.45 | 268.75 | 293.20 | NOTE | |
r-release-linux-x86_64 | 1.0.0 | 26.62 | 360.28 | 386.90 | NOTE | |
r-release-macos-arm64 | 1.0.0 | 130.00 | NOTE | |||
r-release-macos-x86_64 | 1.0.0 | 264.00 | NOTE | |||
r-release-windows-x86_64 | 1.0.0 | 30.00 | 433.00 | 463.00 | NOTE | |
r-oldrel-macos-arm64 | 1.0.0 | 175.00 | OK | |||
r-oldrel-macos-x86_64 | 1.0.0 | 292.00 | OK | |||
r-oldrel-windows-x86_64 | 1.0.0 | 36.00 | 513.00 | 549.00 | OK |
Version: 1.0.0
Check: Rd files
Result: NOTE
checkRd: (-1) spec_clust.Rd:33: Lost braces; missing escapes or markup?
33 | A label vector of size n x 1 with elements in {1,2,...,K}
| ^
Flavors: r-devel-linux-x86_64-debian-clang, r-devel-linux-x86_64-debian-gcc, r-devel-linux-x86_64-fedora-clang, r-devel-linux-x86_64-fedora-gcc, r-devel-windows-x86_64, r-patched-linux-x86_64, r-release-linux-x86_64, r-release-macos-arm64, r-release-macos-x86_64, r-release-windows-x86_64