Last updated on 2025-07-03 09:50:47 CEST.
Flavor | Version | Tinstall | Tcheck | Ttotal | Status | Flags |
---|---|---|---|---|---|---|
r-devel-linux-x86_64-debian-clang | 1.0.1 | 6.96 | 60.81 | 67.77 | NOTE | |
r-devel-linux-x86_64-debian-gcc | 1.0.1 | 4.67 | 46.64 | 51.31 | NOTE | |
r-devel-linux-x86_64-fedora-clang | 1.0.1 | 105.99 | NOTE | |||
r-devel-linux-x86_64-fedora-gcc | 1.0.1 | 101.44 | NOTE | |||
r-devel-windows-x86_64 | 1.0.1 | 10.00 | 73.00 | 83.00 | NOTE | |
r-patched-linux-x86_64 | 1.0.1 | 7.73 | 58.29 | 66.02 | NOTE | |
r-release-linux-x86_64 | 1.0.1 | 7.65 | 58.28 | 65.93 | NOTE | |
r-release-macos-arm64 | 1.0.1 | 36.00 | NOTE | |||
r-release-macos-x86_64 | 1.0.1 | 60.00 | NOTE | |||
r-release-windows-x86_64 | 1.0.1 | 9.00 | 74.00 | 83.00 | NOTE | |
r-oldrel-macos-arm64 | 1.0.1 | 38.00 | NOTE | |||
r-oldrel-macos-x86_64 | 1.0.1 | 53.00 | NOTE | |||
r-oldrel-windows-x86_64 | 1.0.1 | 12.00 | 88.00 | 100.00 | NOTE |
Version: 1.0.1
Check: Rd files
Result: NOTE
checkRd: (-1) networktree.Rd:56: Lost braces; missing escapes or markup?
56 | with a matrix response {y}. \code{x1} and \code{x2} are used as
| ^
Flavors: r-devel-linux-x86_64-debian-clang, r-devel-linux-x86_64-debian-gcc, r-devel-linux-x86_64-fedora-clang, r-devel-linux-x86_64-fedora-gcc, r-devel-windows-x86_64, r-patched-linux-x86_64, r-release-linux-x86_64, r-release-macos-arm64, r-release-macos-x86_64, r-release-windows-x86_64, r-oldrel-macos-arm64, r-oldrel-macos-x86_64, r-oldrel-windows-x86_64