Last updated on 2024-06-29 09:49:02 CEST.
Flavor | Version | Tinstall | Tcheck | Ttotal | Status | Flags |
---|---|---|---|---|---|---|
r-devel-linux-x86_64-debian-clang | 0.1.4 | 51.22 | 260.04 | 311.26 | OK | |
r-devel-linux-x86_64-debian-gcc | 0.1.4 | 39.49 | 192.51 | 232.00 | OK | |
r-devel-linux-x86_64-fedora-clang | 0.1.4 | 392.06 | NOTE | |||
r-devel-linux-x86_64-fedora-gcc | 0.1.4 | 398.35 | OK | |||
r-devel-windows-x86_64 | 0.1.4 | 56.00 | 298.00 | 354.00 | NOTE | |
r-patched-linux-x86_64 | 0.1.4 | 47.50 | 241.16 | 288.66 | OK | |
r-release-linux-x86_64 | 0.1.4 | 52.62 | 243.62 | 296.24 | OK | |
r-release-macos-arm64 | 0.1.4 | 133.00 | NOTE | |||
r-release-macos-x86_64 | 0.1.4 | 284.00 | NOTE | |||
r-release-windows-x86_64 | 0.1.4 | 56.00 | 298.00 | 354.00 | NOTE | |
r-oldrel-macos-arm64 | 0.1.4 | 132.00 | NOTE | |||
r-oldrel-macos-x86_64 | 0.1.4 | 298.00 | NOTE | |||
r-oldrel-windows-x86_64 | 0.1.4 | 67.00 | 361.00 | 428.00 | NOTE |
Version: 0.1.4
Check: installed package size
Result: NOTE
installed size is 7.4Mb
sub-directories of 1Mb or more:
libs 3.3Mb
mods 3.4Mb
Flavors: r-devel-linux-x86_64-fedora-clang, r-devel-windows-x86_64, r-release-macos-arm64, r-release-macos-x86_64, r-release-windows-x86_64, r-oldrel-macos-arm64, r-oldrel-macos-x86_64, r-oldrel-windows-x86_64