Last updated on 2025-05-28 09:53:03 CEST.
Flavor | Version | Tinstall | Tcheck | Ttotal | Status | Flags |
---|---|---|---|---|---|---|
r-devel-linux-x86_64-debian-clang | 1.1.2 | 8.85 | 115.88 | 124.73 | NOTE | |
r-devel-linux-x86_64-debian-gcc | 1.1.2 | 6.64 | 84.12 | 90.76 | NOTE | |
r-devel-linux-x86_64-fedora-clang | 1.1.2 | 192.58 | OK | |||
r-devel-linux-x86_64-fedora-gcc | 1.1.2 | 186.32 | OK | |||
r-devel-windows-x86_64 | 1.1.2 | 10.00 | 126.00 | 136.00 | NOTE | |
r-patched-linux-x86_64 | 1.1.2 | 8.45 | 106.52 | 114.97 | NOTE | |
r-release-linux-x86_64 | 1.1.2 | 9.14 | 107.07 | 116.21 | NOTE | |
r-release-macos-arm64 | 1.1.2 | 48.00 | OK | |||
r-release-macos-x86_64 | 1.1.2 | 98.00 | OK | |||
r-release-windows-x86_64 | 1.1.2 | 12.00 | 123.00 | 135.00 | NOTE | |
r-oldrel-macos-arm64 | 1.1.2 | 46.00 | OK | |||
r-oldrel-macos-x86_64 | 1.1.2 | 109.00 | OK | |||
r-oldrel-windows-x86_64 | 1.1.2 | 16.00 | 155.00 | 171.00 | OK |
Version: 1.1.2
Check: Rd cross-references
Result: NOTE
Found the following Rd file(s) with Rd \link{} targets missing package
anchors:
autoplot.ts.Rd: geom_forecast, fortify
Please provide package anchors for all Rd \link{} targets not in the
package itself and the base packages.
Flavors: r-devel-linux-x86_64-debian-clang, r-devel-linux-x86_64-debian-gcc, r-devel-windows-x86_64, r-patched-linux-x86_64, r-release-linux-x86_64, r-release-windows-x86_64