Last updated on 2025-11-02 09:48:43 CET.
| Flavor | Version | Tinstall | Tcheck | Ttotal | Status | Flags |
|---|---|---|---|---|---|---|
| r-devel-linux-x86_64-debian-clang | 0.1.0 | 1.47 | 22.13 | 23.60 | NOTE | |
| r-devel-linux-x86_64-debian-gcc | 0.1.0 | 1.42 | 18.89 | 20.31 | NOTE | |
| r-devel-linux-x86_64-fedora-clang | 0.1.0 | 33.35 | NOTE | |||
| r-devel-linux-x86_64-fedora-gcc | 0.1.0 | 31.45 | NOTE | |||
| r-devel-windows-x86_64 | 0.1.0 | 4.00 | 45.00 | 49.00 | NOTE | |
| r-patched-linux-x86_64 | 0.1.0 | 1.76 | 20.11 | 21.87 | NOTE | |
| r-release-linux-x86_64 | 0.1.0 | 1.65 | 19.96 | 21.61 | NOTE | |
| r-release-macos-arm64 | 0.1.0 | 1.00 | 16.00 | 17.00 | NOTE | |
| r-release-macos-x86_64 | 0.1.0 | 1.00 | 24.00 | 25.00 | NOTE | |
| r-release-windows-x86_64 | 0.1.0 | 4.00 | 44.00 | 48.00 | NOTE | |
| r-oldrel-macos-arm64 | 0.1.0 | 1.00 | 15.00 | 16.00 | OK | |
| r-oldrel-macos-x86_64 | 0.1.0 | 1.00 | 20.00 | 21.00 | OK | |
| r-oldrel-windows-x86_64 | 0.1.0 | 4.00 | 48.00 | 52.00 | OK |
Version: 0.1.0
Check: DESCRIPTION meta-information
Result: NOTE
Missing dependency on R >= 4.1.0 because package code uses the pipe
|> or function shorthand \(...) syntax added in R 4.1.0.
File(s) using such syntax:
‘tab_onsv.R’ ‘tab_onsv.Rd’
Flavors: r-devel-linux-x86_64-debian-clang, r-devel-linux-x86_64-debian-gcc, r-devel-linux-x86_64-fedora-clang, r-devel-linux-x86_64-fedora-gcc, r-devel-windows-x86_64, r-patched-linux-x86_64, r-release-linux-x86_64, r-release-macos-arm64, r-release-windows-x86_64
Version: 0.1.0
Check: DESCRIPTION meta-information
Result: NOTE
Missing dependency on R >= 4.1.0 because package code uses the pipe
|> or function shorthand \(...) syntax added in R 4.1.0.
File(s) using such syntax:
‘tab_onsv.R’
Flavor: r-release-macos-x86_64