Last updated on 2025-10-24 09:50:11 CEST.
| Flavor | Version | Tinstall | Tcheck | Ttotal | Status | Flags |
|---|---|---|---|---|---|---|
| r-devel-linux-x86_64-debian-clang | 1.0.0 | 4.56 | 35.72 | 40.28 | OK | |
| r-devel-linux-x86_64-debian-gcc | 1.0.0 | 3.42 | 26.46 | 29.88 | OK | |
| r-devel-linux-x86_64-fedora-clang | 1.0.0 | 58.11 | NOTE | |||
| r-devel-linux-x86_64-fedora-gcc | 1.0.0 | 11.00 | 45.96 | 56.96 | NOTE | |
| r-devel-windows-x86_64 | 1.0.0 | 7.00 | 57.00 | 64.00 | OK | |
| r-patched-linux-x86_64 | 1.0.0 | 5.56 | 33.15 | 38.71 | OK | |
| r-release-linux-x86_64 | 1.0.0 | 4.23 | 33.45 | 37.68 | OK | |
| r-release-macos-arm64 | 1.0.0 | 3.00 | 20.00 | 23.00 | OK | |
| r-release-macos-x86_64 | 1.0.0 | 5.00 | 32.00 | 37.00 | OK | |
| r-release-windows-x86_64 | 1.0.0 | 7.00 | 56.00 | 63.00 | OK | |
| r-oldrel-macos-arm64 | 1.0.0 | 3.00 | 19.00 | 22.00 | OK | |
| r-oldrel-macos-x86_64 | 1.0.0 | 4.00 | 26.00 | 30.00 | OK | |
| r-oldrel-windows-x86_64 | 1.0.0 | 8.00 | 65.00 | 73.00 | OK |
Version: 1.0.0
Check: dependencies in R code
Result: NOTE
Namespaces in Imports field not imported from:
‘Rdpack’ ‘astsa’
All declared Imports should be used.
Flavors: r-devel-linux-x86_64-fedora-clang, r-devel-linux-x86_64-fedora-gcc