Last updated on 2025-05-22 09:51:49 CEST.
Flavor | Version | Tinstall | Tcheck | Ttotal | Status | Flags |
---|---|---|---|---|---|---|
r-devel-linux-x86_64-debian-clang | 1.2 | 11.61 | 101.15 | 112.76 | NOTE | |
r-devel-linux-x86_64-debian-gcc | 1.2 | 8.19 | 72.84 | 81.03 | NOTE | |
r-devel-linux-x86_64-fedora-clang | 1.2 | 168.26 | OK | |||
r-devel-linux-x86_64-fedora-gcc | 1.2 | 159.11 | OK | |||
r-devel-windows-x86_64 | 1.2 | 12.00 | 139.00 | 151.00 | OK | |
r-patched-linux-x86_64 | 1.2 | 10.67 | 92.78 | 103.45 | OK | |
r-release-linux-x86_64 | 1.2 | 11.86 | 93.99 | 105.85 | OK | |
r-release-macos-arm64 | 1.2 | 51.00 | OK | |||
r-release-macos-x86_64 | 1.2 | 82.00 | OK | |||
r-release-windows-x86_64 | 1.2 | 13.00 | 99.00 | 112.00 | OK | |
r-oldrel-macos-arm64 | 1.2 | 46.00 | OK | |||
r-oldrel-macos-x86_64 | 1.2 | 70.00 | OK | |||
r-oldrel-windows-x86_64 | 1.2 | 16.00 | 118.00 | 134.00 | OK |
Version: 1.2
Check: CRAN incoming feasibility
Result: NOTE
Maintainer: ‘Ankur Chakravarthy <ankur.chakravarthy.10@ucl.ac.uk>’
No Authors@R field in DESCRIPTION.
Please add one, modifying
Authors@R: person(given = "Ankur",
family = "Chakravarthy",
role = c("aut", "cre"),
email = "ankur.chakravarthy.10@ucl.ac.uk")
as necessary.
Flavors: r-devel-linux-x86_64-debian-clang, r-devel-linux-x86_64-debian-gcc