Last updated on 2024-08-05 09:48:14 CEST.
Flavor | Version | Tinstall | Tcheck | Ttotal | Status | Flags |
---|---|---|---|---|---|---|
r-devel-linux-x86_64-debian-clang | 0.1.3 | 44.32 | 69.03 | 113.35 | OK | |
r-devel-linux-x86_64-debian-gcc | 0.1.3 | 21.73 | 39.62 | 61.35 | OK | |
r-devel-linux-x86_64-fedora-clang | 0.1.3 | 150.66 | OK | |||
r-devel-linux-x86_64-fedora-gcc | 0.1.3 | 161.58 | OK | |||
r-devel-windows-x86_64 | 0.1.3 | 36.00 | 99.00 | 135.00 | OK | |
r-patched-linux-x86_64 | 0.1.3 | 28.72 | 53.51 | 82.23 | OK | |
r-release-linux-x86_64 | 0.1.3 | 25.01 | 66.86 | 91.87 | OK | |
r-release-macos-arm64 | 0.1.3 | 53.00 | NOTE | |||
r-release-macos-x86_64 | 0.1.3 | 69.00 | NOTE | |||
r-release-windows-x86_64 | 0.1.3 | 38.00 | 95.00 | 133.00 | OK | |
r-oldrel-macos-arm64 | 0.1.3 | 54.00 | NOTE | |||
r-oldrel-macos-x86_64 | 0.1.3 | 99.00 | NOTE | |||
r-oldrel-windows-x86_64 | 0.1.3 | 42.00 | 107.00 | 149.00 | OK |
Version: 0.1.3
Check: installed package size
Result: NOTE
installed size is 7.2Mb
sub-directories of 1Mb or more:
libs 6.8Mb
Flavors: r-release-macos-arm64, r-release-macos-x86_64, r-oldrel-macos-arm64, r-oldrel-macos-x86_64