Last updated on 2024-08-05 09:48:14 CEST.
Flavor | Version | Tinstall | Tcheck | Ttotal | Status | Flags |
---|---|---|---|---|---|---|
r-devel-linux-x86_64-debian-clang | 0.6.1 | 126.28 | 373.80 | 500.08 | OK | |
r-devel-linux-x86_64-debian-gcc | 0.6.1 | 62.68 | 187.36 | 250.04 | OK | |
r-devel-linux-x86_64-fedora-clang | 0.6.1 | 646.30 | NOTE | |||
r-devel-linux-x86_64-fedora-gcc | 0.6.1 | 590.05 | OK | |||
r-devel-windows-x86_64 | 0.6.1 | 114.00 | 481.00 | 595.00 | NOTE | |
r-patched-linux-x86_64 | 0.6.1 | 124.55 | 264.88 | 389.43 | OK | |
r-release-linux-x86_64 | 0.6.1 | 131.94 | 357.73 | 489.67 | OK | |
r-release-macos-arm64 | 0.6.1 | 143.00 | NOTE | |||
r-release-macos-x86_64 | 0.6.1 | 220.00 | NOTE | |||
r-release-windows-x86_64 | 0.6.1 | 107.00 | 472.00 | 579.00 | NOTE | |
r-oldrel-macos-arm64 | 0.6.1 | 141.00 | NOTE | |||
r-oldrel-macos-x86_64 | 0.6.1 | 267.00 | NOTE | |||
r-oldrel-windows-x86_64 | 0.6.1 | 140.00 | 532.00 | 672.00 | NOTE |
Version: 0.6.1
Check: installed package size
Result: NOTE
installed size is 6.4Mb
sub-directories of 1Mb or more:
R 2.6Mb
help 3.6Mb
Flavors: r-devel-linux-x86_64-fedora-clang, r-devel-windows-x86_64, r-release-macos-arm64, r-release-macos-x86_64, r-release-windows-x86_64, r-oldrel-macos-arm64, r-oldrel-macos-x86_64, r-oldrel-windows-x86_64