Last updated on 2024-07-16 09:50:20 CEST.
Flavor | Version | Tinstall | Tcheck | Ttotal | Status | Flags |
---|---|---|---|---|---|---|
r-devel-linux-x86_64-debian-clang | 0.3-5 | 196.11 | 58.41 | 254.52 | OK | |
r-devel-linux-x86_64-debian-gcc | 0.3-5 | 132.47 | 45.11 | 177.58 | OK | |
r-devel-linux-x86_64-fedora-clang | 0.3-5 | 316.70 | OK | |||
r-devel-linux-x86_64-fedora-gcc | 0.3-5 | 366.62 | OK | |||
r-devel-windows-x86_64 | 0.3-5 | 225.00 | 83.00 | 308.00 | NOTE | |
r-patched-linux-x86_64 | 0.3-5 | 147.67 | 56.28 | 203.95 | OK | |
r-release-linux-x86_64 | 0.3-5 | 147.82 | 55.41 | 203.23 | OK | |
r-release-macos-arm64 | 0.3-5 | 6.00 | ERROR | |||
r-release-macos-x86_64 | 0.3-5 | 10.00 | ERROR | |||
r-release-windows-x86_64 | 0.3-5 | 215.00 | 80.00 | 295.00 | NOTE | |
r-oldrel-macos-arm64 | 0.3-5 | 13.00 | ERROR | |||
r-oldrel-macos-x86_64 | 0.3-5 | 13.00 | ERROR | |||
r-oldrel-windows-x86_64 | 0.3-5 | 230.00 | 83.00 | 313.00 | NOTE |
Version: 0.3-5
Check: installed package size
Result: NOTE
installed size is 5.6Mb
sub-directories of 1Mb or more:
lib 2.9Mb
libs 2.5Mb
Flavors: r-devel-windows-x86_64, r-release-windows-x86_64, r-oldrel-windows-x86_64
Version: 0.3-5
Check: package dependencies
Result: ERROR
Package required but not available: ‘pbdMPI’
See section ‘The DESCRIPTION file’ in the ‘Writing R Extensions’
manual.
Flavors: r-release-macos-arm64, r-release-macos-x86_64, r-oldrel-macos-arm64, r-oldrel-macos-x86_64