Last updated on 2025-10-22 09:50:44 CEST.
Flavor | Version | Tinstall | Tcheck | Ttotal | Status | Flags |
---|---|---|---|---|---|---|
r-devel-linux-x86_64-debian-clang | 1.5.4 | 1082.74 | 247.07 | 1329.81 | OK | |
r-devel-linux-x86_64-debian-gcc | 1.5.4 | 993.35 | 247.05 | 1240.40 | OK | |
r-devel-linux-x86_64-fedora-clang | 1.5.4 | 2100.00 | -112.47 | 1987.53 | NOTE | |
r-devel-linux-x86_64-fedora-gcc | 1.5.4 | 3240.00 | -414.07 | 2825.93 | NOTE | |
r-devel-windows-x86_64 | 1.5.4 | 1170.00 | 391.00 | 1561.00 | OK | |
r-patched-linux-x86_64 | 1.5.4 | 1284.67 | 352.86 | 1637.53 | OK | |
r-release-linux-x86_64 | 1.5.4 | 1234.09 | 351.17 | 1585.26 | OK | |
r-release-macos-arm64 | 1.5.4 | 431.00 | 96.00 | 527.00 | OK | |
r-release-macos-x86_64 | 1.5.4 | 390.00 | 276.00 | 666.00 | OK | |
r-release-windows-x86_64 | 1.5.4 | 1165.00 | 387.00 | 1552.00 | OK | |
r-oldrel-macos-arm64 | 1.5.4 | 224.00 | 80.00 | 304.00 | NOTE | |
r-oldrel-macos-x86_64 | 1.5.4 | 146.00 | 116.00 | 262.00 | NOTE | |
r-oldrel-windows-x86_64 | 1.5.4 | 1298.00 | 494.00 | 1792.00 | NOTE |
Version: 1.5.4
Check: dependencies in R code
Result: NOTE
Namespace in Imports field not imported from: ‘rstantools’
All declared Imports should be used.
Flavors: r-devel-linux-x86_64-fedora-clang, r-devel-linux-x86_64-fedora-gcc
Version: 1.5.4
Check: installed package size
Result: NOTE
installed size is 154.6Mb
sub-directories of 1Mb or more:
doc 2.9Mb
libs 151.0Mb
Flavors: r-oldrel-macos-arm64, r-oldrel-macos-x86_64, r-oldrel-windows-x86_64
Version: 1.5.4
Check: for GNU extensions in Makefiles
Result: NOTE
GNU make is a SystemRequirements.
Flavors: r-oldrel-macos-arm64, r-oldrel-macos-x86_64, r-oldrel-windows-x86_64