Last updated on 2025-05-28 09:53:04 CEST.
Flavor | Version | Tinstall | Tcheck | Ttotal | Status | Flags |
---|---|---|---|---|---|---|
r-devel-linux-x86_64-debian-clang | 0.1.3 | 11.88 | 118.37 | 130.25 | OK | |
r-devel-linux-x86_64-debian-gcc | 0.1.3 | 8.00 | 85.94 | 93.94 | OK | |
r-devel-linux-x86_64-fedora-clang | 0.1.3 | 208.45 | OK | |||
r-devel-linux-x86_64-fedora-gcc | 0.1.3 | 218.14 | OK | |||
r-devel-windows-x86_64 | 0.1.3 | 13.00 | 148.00 | 161.00 | OK | |
r-patched-linux-x86_64 | 0.1.3 | 10.78 | 111.22 | 122.00 | OK | |
r-release-linux-x86_64 | 0.1.3 | 10.25 | 112.42 | 122.67 | OK | |
r-release-macos-arm64 | 0.1.3 | 71.00 | OK | |||
r-release-macos-x86_64 | 0.1.3 | 111.00 | OK | |||
r-release-windows-x86_64 | 0.1.3 | 12.00 | 141.00 | 153.00 | OK | |
r-oldrel-macos-arm64 | 0.1.3 | 63.00 | OK | |||
r-oldrel-macos-x86_64 | 0.1.3 | 79.00 | NOTE | |||
r-oldrel-windows-x86_64 | 0.1.3 | 18.00 | 184.00 | 202.00 | OK |
Version: 0.1.3
Check: package dependencies
Result: NOTE
Package suggested but not available for checking: ‘ggtreeExtra’
Flavor: r-oldrel-macos-x86_64