Last updated on 2024-07-08 09:49:05 CEST.
Flavor | Version | Tinstall | Tcheck | Ttotal | Status | Flags |
---|---|---|---|---|---|---|
r-devel-linux-x86_64-debian-clang | 0.12.0 | 21.25 | 245.05 | 266.30 | OK | |
r-devel-linux-x86_64-debian-gcc | 0.12.0 | 19.07 | 175.19 | 194.26 | OK | |
r-devel-linux-x86_64-fedora-clang | 0.12.0 | 349.49 | OK | |||
r-devel-linux-x86_64-fedora-gcc | 0.12.0 | 298.98 | OK | |||
r-devel-windows-x86_64 | 0.12.0 | 18.00 | 185.00 | 203.00 | OK | |
r-patched-linux-x86_64 | 0.12.0 | 18.66 | 232.21 | 250.87 | NOTE | |
r-release-linux-x86_64 | 0.12.0 | 23.15 | 230.58 | 253.73 | NOTE | |
r-release-macos-arm64 | 0.12.0 | 75.00 | OK | |||
r-release-macos-x86_64 | 0.12.0 | 217.00 | OK | |||
r-release-windows-x86_64 | 0.12.0 | 21.00 | 182.00 | 203.00 | OK | |
r-oldrel-macos-arm64 | 0.12.0 | 14.00 | ERROR | |||
r-oldrel-macos-x86_64 | 0.12.0 | 12.00 | ERROR | |||
r-oldrel-windows-x86_64 | 0.12.0 | 26.00 | 236.00 | 262.00 | OK |
Version: 0.12.0
Check: package dependencies
Result: NOTE
Package suggested but not available for checking: ‘blavaan’
Flavors: r-patched-linux-x86_64, r-release-linux-x86_64
Version: 0.12.0
Check: package dependencies
Result: ERROR
Package required and available but unsuitable version: ‘datawizard’
See section ‘The DESCRIPTION file’ in the ‘Writing R Extensions’
manual.
Flavors: r-oldrel-macos-arm64, r-oldrel-macos-x86_64