Last updated on 2024-09-06 09:49:27 CEST.
Flavor | Version | Tinstall | Tcheck | Ttotal | Status | Flags |
---|---|---|---|---|---|---|
r-devel-linux-x86_64-debian-clang | 0.3.0 | 4.94 | 36.44 | 41.38 | NOTE | |
r-devel-linux-x86_64-debian-gcc | 0.3.0 | 3.72 | 27.25 | 30.97 | NOTE | |
r-devel-linux-x86_64-fedora-clang | 0.3.0 | 67.90 | NOTE | |||
r-devel-linux-x86_64-fedora-gcc | 0.3.0 | 62.66 | NOTE | |||
r-devel-windows-x86_64 | 0.3.0 | 7.00 | 63.00 | 70.00 | NOTE | |
r-patched-linux-x86_64 | 0.3.0 | 5.31 | 35.17 | 40.48 | NOTE | |
r-release-linux-x86_64 | 0.3.0 | 4.56 | 35.10 | 39.66 | NOTE | |
r-release-macos-arm64 | 0.3.0 | 24.00 | NOTE | |||
r-release-macos-x86_64 | 0.3.0 | 45.00 | NOTE | |||
r-release-windows-x86_64 | 0.3.0 | 7.00 | 62.00 | 69.00 | NOTE | |
r-oldrel-macos-arm64 | 0.3.0 | 25.00 | OK | |||
r-oldrel-macos-x86_64 | 0.3.0 | 33.00 | OK | |||
r-oldrel-windows-x86_64 | 0.3.0 | 10.00 | 65.00 | 75.00 | OK |
Version: 0.3.0
Check: Rd files
Result: NOTE
checkRd: (-1) read_PN.Rd:15: Lost braces
15 | A code{\link{marked_petrinet}}
| ^
Flavors: r-devel-linux-x86_64-debian-clang, r-devel-linux-x86_64-debian-gcc, r-devel-linux-x86_64-fedora-clang, r-devel-linux-x86_64-fedora-gcc, r-devel-windows-x86_64, r-patched-linux-x86_64, r-release-linux-x86_64, r-release-macos-arm64, r-release-macos-x86_64, r-release-windows-x86_64