Last updated on 2024-08-05 09:48:14 CEST.
Flavor | Version | Tinstall | Tcheck | Ttotal | Status | Flags |
---|---|---|---|---|---|---|
r-devel-linux-x86_64-debian-clang | 1.1.3 | 45.46 | 62.65 | 108.11 | OK | |
r-devel-linux-x86_64-debian-gcc | 1.1.3 | 26.25 | 37.36 | 63.61 | OK | |
r-devel-linux-x86_64-fedora-clang | 1.1.3 | 145.11 | NOTE | |||
r-devel-linux-x86_64-fedora-gcc | 1.1.3 | 167.30 | NOTE | |||
r-devel-windows-x86_64 | 1.1.3 | 38.00 | 84.00 | 122.00 | OK | |
r-patched-linux-x86_64 | 1.1.3 | 34.44 | 47.87 | 82.31 | OK | |
r-release-linux-x86_64 | 1.1.3 | 43.34 | 64.73 | 108.07 | OK | |
r-release-macos-arm64 | 1.1.3 | 48.00 | NOTE | |||
r-release-macos-x86_64 | 1.1.3 | 75.00 | NOTE | |||
r-release-windows-x86_64 | 1.1.3 | 39.00 | 85.00 | 124.00 | OK | |
r-oldrel-macos-arm64 | 1.1.3 | 51.00 | NOTE | |||
r-oldrel-macos-x86_64 | 1.1.3 | 81.00 | NOTE | |||
r-oldrel-windows-x86_64 | 1.1.3 | 45.00 | 97.00 | 142.00 | OK |
Version: 1.1.3
Check: dependencies in R code
Result: NOTE
Namespace in Imports field not imported from: ‘utils’
All declared Imports should be used.
Flavors: r-devel-linux-x86_64-fedora-clang, r-devel-linux-x86_64-fedora-gcc
Version: 1.1.3
Check: installed package size
Result: NOTE
installed size is 16.1Mb
sub-directories of 1Mb or more:
libs 15.8Mb
Flavors: r-release-macos-arm64, r-release-macos-x86_64, r-oldrel-macos-arm64, r-oldrel-macos-x86_64