Last updated on 2024-08-05 09:48:14 CEST.
Flavor | Version | Tinstall | Tcheck | Ttotal | Status | Flags |
---|---|---|---|---|---|---|
r-devel-linux-x86_64-debian-clang | 0.2.2 | 86.10 | 79.81 | 165.91 | OK | |
r-devel-linux-x86_64-debian-gcc | 0.2.2 | 48.24 | 48.49 | 96.73 | OK | |
r-devel-linux-x86_64-fedora-clang | 0.2.2 | 201.18 | OK | |||
r-devel-linux-x86_64-fedora-gcc | 0.2.2 | 251.22 | OK | |||
r-devel-windows-x86_64 | 0.2.2 | 54.00 | 96.00 | 150.00 | OK | |
r-patched-linux-x86_64 | 0.2.2 | 62.00 | 61.37 | 123.37 | OK | |
r-release-linux-x86_64 | 0.2.2 | 70.69 | 77.94 | 148.63 | OK | |
r-release-macos-arm64 | 0.2.2 | 63.00 | NOTE | |||
r-release-macos-x86_64 | 0.2.2 | 109.00 | NOTE | |||
r-release-windows-x86_64 | 0.2.2 | 56.00 | 91.00 | 147.00 | OK | |
r-oldrel-macos-arm64 | 0.2.2 | 80.00 | NOTE | |||
r-oldrel-macos-x86_64 | 0.2.2 | 114.00 | NOTE | |||
r-oldrel-windows-x86_64 | 0.2.2 | 68.00 | 115.00 | 183.00 | OK |
Version: 0.2.2
Check: installed package size
Result: NOTE
installed size is 25.5Mb
sub-directories of 1Mb or more:
libs 25.3Mb
Flavors: r-release-macos-arm64, r-release-macos-x86_64, r-oldrel-macos-arm64, r-oldrel-macos-x86_64