Last updated on 2024-08-05 09:48:14 CEST.
Flavor | Version | Tinstall | Tcheck | Ttotal | Status | Flags |
---|---|---|---|---|---|---|
r-devel-linux-x86_64-debian-clang | 2.2.2 | 18.44 | 76.07 | 94.51 | NOTE | |
r-devel-linux-x86_64-debian-gcc | 2.2.2 | 10.48 | 39.45 | 49.93 | NOTE | |
r-devel-linux-x86_64-fedora-clang | 2.2.2 | 125.52 | NOTE | |||
r-devel-linux-x86_64-fedora-gcc | 2.2.2 | 113.76 | NOTE | |||
r-devel-windows-x86_64 | 2.2.2 | 26.00 | 75.00 | 101.00 | NOTE | |
r-patched-linux-x86_64 | 2.2.2 | 16.20 | 54.19 | 70.39 | OK | |
r-release-linux-x86_64 | 2.2.2 | 18.45 | 70.66 | 89.11 | OK | |
r-release-macos-arm64 | 2.2.2 | 35.00 | OK | |||
r-release-macos-x86_64 | 2.2.2 | 52.00 | OK | |||
r-release-windows-x86_64 | 2.2.2 | 27.00 | 74.00 | 101.00 | OK | |
r-oldrel-macos-arm64 | 2.2.2 | 44.00 | OK | |||
r-oldrel-macos-x86_64 | 2.2.2 | 78.00 | OK | |||
r-oldrel-windows-x86_64 | 2.2.2 | 31.00 | 85.00 | 116.00 | OK |
Version: 2.2.2
Check: compiled code
Result: NOTE
File ‘pkgcache/libs/pkgcache.so’:
Found non-API call to R: ‘STRING_PTR’
Compiled code should not call non-API entry points in R.
See ‘Writing portable packages’ in the ‘Writing R Extensions’ manual,
and section ‘Moving into C API compliance’ for issues with the use of
non-API entry points.
Flavors: r-devel-linux-x86_64-debian-clang, r-devel-linux-x86_64-debian-gcc, r-devel-linux-x86_64-fedora-clang, r-devel-linux-x86_64-fedora-gcc
Version: 2.2.2
Check: compiled code
Result: NOTE
File 'pkgcache/libs/x64/pkgcache.dll':
Found non-API call to R: 'STRING_PTR'
Compiled code should not call non-API entry points in R.
See 'Writing portable packages' in the 'Writing R Extensions' manual,
and section 'Moving into C API compliance' for issues with the use of
non-API entry points.
Flavor: r-devel-windows-x86_64