Last updated on 2024-08-04 09:52:37 CEST.
Flavor | Version | Tinstall | Tcheck | Ttotal | Status | Flags |
---|---|---|---|---|---|---|
r-devel-linux-x86_64-debian-clang | 1.6.2 | 3.36 | 99.26 | 102.62 | OK | |
r-devel-linux-x86_64-debian-gcc | 1.6.2 | 1.92 | 63.55 | 65.47 | OK | |
r-devel-linux-x86_64-fedora-clang | 1.6.2 | 140.41 | NOTE | |||
r-devel-linux-x86_64-fedora-gcc | 1.6.2 | 149.83 | OK | |||
r-devel-windows-x86_64 | 1.6.2 | 4.00 | 64.00 | 68.00 | OK | |
r-patched-linux-x86_64 | 1.6.2 | 3.66 | 99.37 | 103.03 | OK | |
r-release-linux-x86_64 | 1.6.2 | 3.37 | 98.05 | 101.42 | OK | |
r-release-macos-arm64 | 1.6.2 | 26.00 | OK | |||
r-release-macos-x86_64 | 1.6.2 | 43.00 | OK | |||
r-release-windows-x86_64 | 1.6.2 | 4.00 | 70.00 | 74.00 | OK | |
r-oldrel-macos-arm64 | 1.6.2 | 29.00 | OK | |||
r-oldrel-macos-x86_64 | 1.6.2 | 46.00 | OK | |||
r-oldrel-windows-x86_64 | 1.6.2 | 4.00 | 66.00 | 70.00 | OK |
Version: 1.6.2
Check: Rd cross-references
Result: NOTE
Undeclared package ‘exams’ in Rd xrefs
Flavor: r-devel-linux-x86_64-fedora-clang