Last updated on 2024-08-05 09:48:14 CEST.
Flavor | Version | Tinstall | Tcheck | Ttotal | Status | Flags |
---|---|---|---|---|---|---|
r-devel-linux-x86_64-debian-clang | 0.2.1 | 2.29 | 22.47 | 24.76 | NOTE | |
r-devel-linux-x86_64-debian-gcc | 0.2.1 | 1.50 | 14.09 | 15.59 | NOTE | |
r-devel-linux-x86_64-fedora-clang | 0.2.1 | 32.40 | NOTE | |||
r-devel-linux-x86_64-fedora-gcc | 0.2.1 | 30.20 | NOTE | |||
r-devel-windows-x86_64 | 0.2.1 | 4.00 | 40.00 | 44.00 | NOTE | |
r-patched-linux-x86_64 | 0.2.1 | 2.06 | 17.63 | 19.69 | NOTE | |
r-release-linux-x86_64 | 0.2.1 | 2.16 | 21.81 | 23.97 | NOTE | |
r-release-macos-arm64 | 0.2.1 | 15.00 | NOTE | |||
r-release-macos-x86_64 | 0.2.1 | 21.00 | NOTE | |||
r-release-windows-x86_64 | 0.2.1 | 3.00 | 39.00 | 42.00 | NOTE | |
r-oldrel-macos-arm64 | 0.2.1 | 16.00 | NOTE | |||
r-oldrel-macos-x86_64 | 0.2.1 | 19.00 | NOTE | |||
r-oldrel-windows-x86_64 | 0.2.1 | 4.00 | 41.00 | 45.00 | NOTE |
Version: 0.2.1
Check: LazyData
Result: NOTE
'LazyData' is specified without a 'data' directory
Flavors: r-devel-linux-x86_64-debian-clang, r-devel-linux-x86_64-debian-gcc, r-devel-linux-x86_64-fedora-clang, r-devel-linux-x86_64-fedora-gcc, r-devel-windows-x86_64, r-patched-linux-x86_64, r-release-linux-x86_64, r-release-macos-arm64, r-release-macos-x86_64, r-release-windows-x86_64, r-oldrel-macos-arm64, r-oldrel-macos-x86_64, r-oldrel-windows-x86_64
Version: 0.2.1
Check: dependencies in R code
Result: NOTE
Namespace in Imports field not imported from: ‘ssh’
All declared Imports should be used.
Flavors: r-devel-linux-x86_64-fedora-clang, r-devel-linux-x86_64-fedora-gcc