Last updated on 2024-08-05 09:48:14 CEST.
Flavor | Version | Tinstall | Tcheck | Ttotal | Status | Flags |
---|---|---|---|---|---|---|
r-devel-linux-x86_64-debian-clang | 1.8.9 | 16.66 | 86.04 | 102.70 | OK | |
r-devel-linux-x86_64-debian-gcc | 1.8.9 | 8.86 | 48.45 | 57.31 | OK | |
r-devel-linux-x86_64-fedora-clang | 1.8.9 | 133.62 | OK | |||
r-devel-linux-x86_64-fedora-gcc | 1.8.9 | 126.10 | OK | |||
r-devel-windows-x86_64 | 1.8.9 | 20.00 | 112.00 | 132.00 | OK | |
r-patched-linux-x86_64 | 1.8.9 | 14.34 | 63.34 | 77.68 | OK | |
r-release-linux-x86_64 | 1.8.9 | 13.39 | 81.72 | 95.11 | OK | |
r-release-macos-arm64 | 1.8.9 | 41.00 | NOTE | |||
r-release-macos-x86_64 | 1.8.9 | 67.00 | OK | |||
r-release-windows-x86_64 | 1.8.9 | 20.00 | 111.00 | 131.00 | OK | |
r-oldrel-macos-arm64 | 1.8.9 | 52.00 | OK | |||
r-oldrel-macos-x86_64 | 1.8.9 | 115.00 | OK | |||
r-oldrel-windows-x86_64 | 1.8.9 | 21.00 | 132.00 | 153.00 | OK |
Version: 1.8.9
Check: package dependencies
Result: NOTE
Package suggested but not available for checking: ‘abind’
Flavor: r-release-macos-arm64