Last updated on 2024-08-05 09:48:14 CEST.
Flavor | Version | Tinstall | Tcheck | Ttotal | Status | Flags |
---|---|---|---|---|---|---|
r-devel-linux-x86_64-debian-clang | 0.12.1 | 23.46 | 284.41 | 307.87 | OK | |
r-devel-linux-x86_64-debian-gcc | 0.12.1 | 16.23 | 137.85 | 154.08 | OK | |
r-devel-linux-x86_64-fedora-clang | 0.12.1 | 380.82 | NOTE | |||
r-devel-linux-x86_64-fedora-gcc | 0.12.1 | 351.99 | NOTE | |||
r-devel-windows-x86_64 | 0.12.1 | 25.00 | 233.00 | 258.00 | OK | |
r-patched-linux-x86_64 | 0.12.1 | 29.43 | 200.04 | 229.47 | OK | |
r-release-linux-x86_64 | 0.12.1 | 17.13 | 261.54 | 278.67 | OK | |
r-release-macos-arm64 | 0.12.1 | 89.00 | OK | |||
r-release-macos-x86_64 | 0.12.1 | 139.00 | OK | |||
r-release-windows-x86_64 | 0.12.1 | 24.00 | 230.00 | 254.00 | OK | |
r-oldrel-macos-arm64 | 0.12.1 | 84.00 | OK | |||
r-oldrel-macos-x86_64 | 0.12.1 | 238.00 | OK | |||
r-oldrel-windows-x86_64 | 0.12.1 | 32.00 | 284.00 | 316.00 | OK |
Version: 0.12.1
Check: data for non-ASCII characters
Result: NOTE
Note: found 1 marked UTF-8 string
Flavors: r-devel-linux-x86_64-fedora-clang, r-devel-linux-x86_64-fedora-gcc