CRAN Package Check Results for Package ppcc

Last updated on 2025-10-22 09:50:46 CEST.

Flavor Version Tinstall Tcheck Ttotal Status Flags
r-devel-linux-x86_64-debian-clang 1.2 4.75 21.60 26.35 NOTE
r-devel-linux-x86_64-debian-gcc 1.2 4.02 17.03 21.05 NOTE
r-devel-linux-x86_64-fedora-clang 1.2 12.00 26.53 38.53 OK
r-devel-linux-x86_64-fedora-gcc 1.2 13.00 24.05 37.05 OK
r-devel-windows-x86_64 1.2 11.00 42.00 53.00 OK
r-patched-linux-x86_64 1.2 4.34 20.63 24.97 OK
r-release-linux-x86_64 1.2 4.37 20.34 24.71 OK
r-release-macos-arm64 1.2 4.00 14.00 18.00 OK
r-release-macos-x86_64 1.2 5.00 27.00 32.00 OK
r-release-windows-x86_64 1.2 13.00 43.00 56.00 OK
r-oldrel-macos-arm64 1.2 6.00 19.00 25.00 OK
r-oldrel-macos-x86_64 1.2 4.00 19.00 23.00 OK
r-oldrel-windows-x86_64 1.2 12.00 46.00 58.00 OK

Check Details

Version: 1.2
Check: CRAN incoming feasibility
Result: NOTE Maintainer: ‘Thorsten Pohlert <thorsten.pohlert@gmx.de>’ No Authors@R field in DESCRIPTION. Please add one, modifying Authors@R: person(given = "Thorsten", family = "Pohlert", role = c("aut", "cre"), email = "thorsten.pohlert@gmx.de") as necessary. Flavors: r-devel-linux-x86_64-debian-clang, r-devel-linux-x86_64-debian-gcc

Version: 1.2
Check: top-level files
Result: NOTE Found the following validation problem for the NEWS.Rd HTML conversion: NEWS.html:60:1 (inst/NEWS.Rd:20): Warning: missing </ul> before </div> Flavors: r-devel-linux-x86_64-debian-clang, r-devel-linux-x86_64-debian-gcc