Last updated on 2025-10-24 09:50:13 CEST.
| Flavor | Version | Tinstall | Tcheck | Ttotal | Status | Flags |
|---|---|---|---|---|---|---|
| r-devel-linux-x86_64-debian-clang | 0.1.6 | 14.98 | 146.54 | 161.52 | NOTE | |
| r-devel-linux-x86_64-debian-gcc | 0.1.6 | 9.95 | 103.51 | 113.46 | OK | |
| r-devel-linux-x86_64-fedora-clang | 0.1.6 | 82.00 | 166.85 | 248.85 | OK | |
| r-devel-linux-x86_64-fedora-gcc | 0.1.6 | 29.00 | 210.39 | 239.39 | OK | |
| r-devel-windows-x86_64 | 0.1.6 | 16.00 | 143.00 | 159.00 | OK | |
| r-patched-linux-x86_64 | 0.1.6 | 12.19 | 133.74 | 145.93 | OK | |
| r-release-linux-x86_64 | 0.1.6 | 14.28 | 132.92 | 147.20 | OK | |
| r-release-macos-arm64 | 0.1.6 | 7.00 | 68.00 | 75.00 | OK | |
| r-release-macos-x86_64 | 0.1.6 | 15.00 | 133.00 | 148.00 | OK | |
| r-release-windows-x86_64 | 0.1.6 | 15.00 | 146.00 | 161.00 | OK | |
| r-oldrel-macos-arm64 | 0.1.6 | 7.00 | 68.00 | 75.00 | OK | |
| r-oldrel-macos-x86_64 | 0.1.6 | 17.00 | 143.00 | 160.00 | OK | |
| r-oldrel-windows-x86_64 | 0.1.6 | 20.00 | 180.00 | 200.00 | OK |
Version: 0.1.6
Check: HTML version of manual
Result: NOTE
Found the following HTML validation problems:
expand.grid2.html:50:1 (expand.grid2.Rd:12): Warning: missing </ul> before </div>
gg_color_hue.html:46:1 (gg_color_hue.Rd:10): Warning: missing </ul> before </div>
is.mynumeric.html:50:1 (is.mynumeric.Rd:12): Warning: missing </ul> before </div>
myseq.html:50:1 (myseq.Rd:12): Warning: missing </ul> before </div>
rank2group2.html:50:1 (rank2group2.Rd:12): Warning: missing </ul> before </div>
revOperator.html:46:1 (revOperator.Rd:10): Warning: missing </ul> before </div>
slope2angle.html:113:1 (slope2angle.Rd:51): Warning: missing </ul> before </div>
Flavor: r-devel-linux-x86_64-debian-clang