Last updated on 2024-08-05 09:48:15 CEST.
Flavor | Version | Tinstall | Tcheck | Ttotal | Status | Flags |
---|---|---|---|---|---|---|
r-devel-linux-x86_64-debian-clang | 1.0.2 | 9.41 | 91.19 | 100.60 | NOTE | |
r-devel-linux-x86_64-debian-gcc | 1.0.2 | 6.80 | 51.53 | 58.33 | NOTE | |
r-devel-linux-x86_64-fedora-clang | 1.0.2 | 127.09 | NOTE | |||
r-devel-linux-x86_64-fedora-gcc | 1.0.2 | 118.72 | NOTE | |||
r-devel-windows-x86_64 | 1.0.2 | 11.00 | 81.00 | 92.00 | NOTE | |
r-patched-linux-x86_64 | 1.0.2 | 7.30 | 67.14 | 74.44 | NOTE | |
r-release-linux-x86_64 | 1.0.2 | 9.41 | 86.76 | 96.17 | NOTE | |
r-release-macos-arm64 | 1.0.2 | 38.00 | NOTE | |||
r-release-macos-x86_64 | 1.0.2 | 78.00 | NOTE | |||
r-release-windows-x86_64 | 1.0.2 | 10.00 | 82.00 | 92.00 | NOTE | |
r-oldrel-macos-arm64 | 1.0.2 | 41.00 | NOTE | |||
r-oldrel-macos-x86_64 | 1.0.2 | 66.00 | NOTE | |||
r-oldrel-windows-x86_64 | 1.0.2 | 12.00 | 94.00 | 106.00 | NOTE |
Version: 1.0.2
Check: LazyData
Result: NOTE
'LazyData' is specified without a 'data' directory
Flavors: r-devel-linux-x86_64-debian-clang, r-devel-linux-x86_64-debian-gcc, r-devel-linux-x86_64-fedora-clang, r-devel-linux-x86_64-fedora-gcc, r-devel-windows-x86_64, r-patched-linux-x86_64, r-release-linux-x86_64, r-release-macos-arm64, r-release-macos-x86_64, r-release-windows-x86_64, r-oldrel-macos-arm64, r-oldrel-macos-x86_64, r-oldrel-windows-x86_64