Last updated on 2025-05-14 09:49:47 CEST.
Flavor | Version | Tinstall | Tcheck | Ttotal | Status | Flags |
---|---|---|---|---|---|---|
r-devel-linux-x86_64-debian-clang | 0.2.3 | 5.00 | 49.93 | 54.93 | NOTE | |
r-devel-linux-x86_64-debian-gcc | 0.2.3 | 3.59 | 36.37 | 39.96 | NOTE | |
r-devel-linux-x86_64-fedora-clang | 0.2.3 | 86.51 | OK | |||
r-devel-linux-x86_64-fedora-gcc | 0.2.3 | 94.95 | OK | |||
r-devel-windows-x86_64 | 0.2.3 | 7.00 | 63.00 | 70.00 | OK | |
r-patched-linux-x86_64 | 0.2.3 | 4.33 | 46.17 | 50.50 | OK | |
r-release-linux-x86_64 | 0.2.3 | 4.60 | 46.22 | 50.82 | OK | |
r-release-macos-arm64 | 0.2.3 | 33.00 | OK | |||
r-release-macos-x86_64 | 0.2.3 | 60.00 | OK | |||
r-release-windows-x86_64 | 0.2.3 | 8.00 | 66.00 | 74.00 | OK | |
r-oldrel-macos-arm64 | 0.2.3 | 33.00 | OK | |||
r-oldrel-macos-x86_64 | 0.2.3 | 47.00 | OK | |||
r-oldrel-windows-x86_64 | 0.2.3 | 9.00 | 78.00 | 87.00 | OK |
Version: 0.2.3
Check: CRAN incoming feasibility
Result: NOTE
Maintainer: ‘David N Sousa <davidnsousa@gmail.com>’
Found the following (possibly) invalid file URI:
URI: .github/CONTRIBUTING.md
From: README.md
Flavors: r-devel-linux-x86_64-debian-clang, r-devel-linux-x86_64-debian-gcc