Last updated on 2025-10-24 09:50:14 CEST.
| Flavor | Version | Tinstall | Tcheck | Ttotal | Status | Flags |
|---|---|---|---|---|---|---|
| r-devel-linux-x86_64-debian-clang | 0.2.6 | 2.95 | 44.55 | 47.50 | NOTE | |
| r-devel-linux-x86_64-debian-gcc | 0.2.6 | 2.12 | 35.13 | 37.25 | OK | |
| r-devel-linux-x86_64-fedora-clang | 0.2.6 | 70.15 | OK | |||
| r-devel-linux-x86_64-fedora-gcc | 0.2.6 | 87.71 | OK | |||
| r-devel-windows-x86_64 | 0.2.6 | 6.00 | 65.00 | 71.00 | OK | |
| r-patched-linux-x86_64 | 0.2.6 | 2.64 | 41.36 | 44.00 | OK | |
| r-release-linux-x86_64 | 0.2.6 | 2.70 | 41.42 | 44.12 | OK | |
| r-release-macos-arm64 | 0.2.6 | 2.00 | 46.00 | 48.00 | OK | |
| r-release-macos-x86_64 | 0.2.6 | 3.00 | 67.00 | 70.00 | OK | |
| r-release-windows-x86_64 | 0.2.6 | 6.00 | 66.00 | 72.00 | OK | |
| r-oldrel-macos-arm64 | 0.2.6 | 2.00 | 36.00 | 38.00 | OK | |
| r-oldrel-macos-x86_64 | 0.2.6 | 3.00 | 60.00 | 63.00 | OK | |
| r-oldrel-windows-x86_64 | 0.2.6 | 7.00 | 76.00 | 83.00 | OK |
Version: 0.2.6
Check: HTML version of manual
Result: NOTE
Found the following HTML validation problems:
d3-shiny.html:68:1 (d3-shiny.Rd:25): Warning: missing </ul> before </div>
Flavor: r-devel-linux-x86_64-debian-clang