Last updated on 2025-05-14 09:49:47 CEST.
Flavor | Version | Tinstall | Tcheck | Ttotal | Status | Flags |
---|---|---|---|---|---|---|
r-devel-linux-x86_64-debian-clang | 0.3.8 | 9.22 | 90.68 | 99.90 | OK | |
r-devel-linux-x86_64-debian-gcc | 0.3.8 | 7.82 | 65.92 | 73.74 | OK | |
r-devel-linux-x86_64-fedora-clang | 0.3.8 | 160.24 | OK | |||
r-devel-linux-x86_64-fedora-gcc | 0.3.8 | 155.80 | OK | |||
r-devel-windows-x86_64 | 0.3.8 | 12.00 | 97.00 | 109.00 | OK | |
r-patched-linux-x86_64 | 0.3.8 | 9.27 | 87.33 | 96.60 | OK | |
r-release-linux-x86_64 | 0.3.8 | 8.74 | 89.44 | 98.18 | OK | |
r-release-macos-arm64 | 0.3.8 | 42.00 | OK | |||
r-release-macos-x86_64 | 0.3.8 | 100.00 | OK | |||
r-release-windows-x86_64 | 0.3.8 | 12.00 | 98.00 | 110.00 | OK | |
r-oldrel-macos-arm64 | 0.3.8 | 50.00 | NOTE | |||
r-oldrel-macos-x86_64 | 0.3.8 | 95.00 | NOTE | |||
r-oldrel-windows-x86_64 | 0.3.8 | 16.00 | 122.00 | 138.00 | NOTE |
Version: 0.3.8
Check: package dependencies
Result: NOTE
Package suggested but not available for checking: ‘bootmlm’
Flavors: r-oldrel-macos-arm64, r-oldrel-macos-x86_64, r-oldrel-windows-x86_64