Last updated on 2024-07-08 09:49:06 CEST.
Flavor | Version | Tinstall | Tcheck | Ttotal | Status | Flags |
---|---|---|---|---|---|---|
r-devel-linux-x86_64-debian-clang | 1.1.9 | 4.55 | 56.41 | 60.96 | OK | |
r-devel-linux-x86_64-debian-gcc | 1.1.9 | 3.37 | 43.68 | 47.05 | OK | |
r-devel-linux-x86_64-fedora-clang | 1.1.9 | 81.53 | NOTE | |||
r-devel-linux-x86_64-fedora-gcc | 1.1.9 | 86.26 | NOTE | |||
r-devel-windows-x86_64 | 1.1.9 | 6.00 | 66.00 | 72.00 | NOTE | |
r-patched-linux-x86_64 | 1.1.9 | 3.96 | 55.71 | 59.67 | OK | |
r-release-linux-x86_64 | 1.1.9 | 2.81 | 54.68 | 57.49 | OK | |
r-release-macos-arm64 | 1.1.9 | 33.00 | NOTE | |||
r-release-macos-x86_64 | 1.1.9 | 47.00 | NOTE | |||
r-release-windows-x86_64 | 1.1.9 | 6.00 | 63.00 | 69.00 | NOTE | |
r-oldrel-macos-arm64 | 1.1.9 | 35.00 | NOTE | |||
r-oldrel-macos-x86_64 | 1.1.9 | 44.00 | NOTE | |||
r-oldrel-windows-x86_64 | 1.1.9 | 7.00 | 72.00 | 79.00 | NOTE |
Version: 1.1.9
Check: installed package size
Result: NOTE
installed size is 5.7Mb
sub-directories of 1Mb or more:
doc 5.5Mb
Flavors: r-devel-linux-x86_64-fedora-clang, r-devel-windows-x86_64, r-release-macos-arm64, r-release-macos-x86_64, r-release-windows-x86_64, r-oldrel-macos-arm64, r-oldrel-macos-x86_64, r-oldrel-windows-x86_64
Version: 1.1.9
Check: dependencies in R code
Result: NOTE
Namespaces in Imports field not imported from:
‘Hmisc’ ‘car’ ‘dplyr’ ‘grid’ ‘gridExtra’ ‘knitr’ ‘lmerTest’ ‘tidyr’
All declared Imports should be used.
Flavors: r-devel-linux-x86_64-fedora-clang, r-devel-linux-x86_64-fedora-gcc