CRAN Package Check Results for Package raybevel

Last updated on 2025-10-22 09:50:48 CEST.

Flavor Version Tinstall Tcheck Ttotal Status Flags
r-devel-linux-x86_64-debian-clang 0.2.2 65.30 43.33 108.63 NOTE
r-devel-linux-x86_64-debian-gcc 0.2.2 52.19 32.00 84.19 NOTE
r-devel-linux-x86_64-fedora-clang 0.2.2 235.00 -43.84 191.16 OK
r-devel-linux-x86_64-fedora-gcc 0.2.2 186.00 22.34 208.34 OK
r-devel-windows-x86_64 0.2.2 80.00 86.00 166.00 OK
r-patched-linux-x86_64 0.2.2 80.56 41.17 121.73 OK
r-release-linux-x86_64 0.2.2 81.08 40.96 122.04 OK
r-release-macos-arm64 0.2.2 28.00 23.00 51.00 OK
r-release-macos-x86_64 0.2.2 63.00 37.00 100.00 OK
r-release-windows-x86_64 0.2.2 81.00 82.00 163.00 OK
r-oldrel-macos-arm64 0.2.2 30.00 28.00 58.00 NOTE
r-oldrel-macos-x86_64 0.2.2 58.00 43.00 101.00 NOTE
r-oldrel-windows-x86_64 0.2.2 93.00 107.00 200.00 OK

Additional issues

clang19 clang19

Check Details

Version: 0.2.2
Check: HTML version of manual
Result: NOTE Found the following HTML validation problems: convert_ss_to_polygons.html:45:1 (convert_ss_to_polygons.Rd:10): Warning: missing </ul> before </div> interpolate_location.html:62:1 (interpolate_location.Rd:18): Warning: missing </ul> before </div> remove_node_duplicates.html:45:1 (remove_node_duplicates.Rd:10): Warning: missing </ul> before </div> Flavors: r-devel-linux-x86_64-debian-clang, r-devel-linux-x86_64-debian-gcc

Version: 0.2.2
Check: installed package size
Result: NOTE installed size is 14.7Mb sub-directories of 1Mb or more: libs 14.4Mb Flavors: r-oldrel-macos-arm64, r-oldrel-macos-x86_64