Last updated on 2024-08-05 09:48:16 CEST.
Flavor | Version | Tinstall | Tcheck | Ttotal | Status | Flags |
---|---|---|---|---|---|---|
r-devel-linux-x86_64-debian-clang | 0.11.4 | 177.07 | 70.33 | 247.40 | OK | |
r-devel-linux-x86_64-debian-gcc | 0.11.4 | 97.21 | 36.85 | 134.06 | OK | |
r-devel-linux-x86_64-fedora-clang | 0.11.4 | 346.60 | OK | |||
r-devel-linux-x86_64-fedora-gcc | 0.11.4 | 388.92 | OK | |||
r-devel-windows-x86_64 | 0.11.4 | 151.00 | 109.00 | 260.00 | OK | |
r-patched-linux-x86_64 | 0.11.4 | 135.20 | 50.96 | 186.16 | OK | |
r-release-linux-x86_64 | 0.11.4 | 160.07 | 68.45 | 228.52 | OK | |
r-release-macos-arm64 | 0.11.4 | 81.00 | NOTE | |||
r-release-macos-x86_64 | 0.11.4 | 147.00 | NOTE | |||
r-release-windows-x86_64 | 0.11.4 | 152.00 | 109.00 | 261.00 | OK | |
r-oldrel-macos-arm64 | 0.11.4 | 81.00 | NOTE | |||
r-oldrel-macos-x86_64 | 0.11.4 | 124.00 | NOTE | |||
r-oldrel-windows-x86_64 | 0.11.4 | 172.00 | 126.00 | 298.00 | OK |
Version: 0.11.4
Check: installed package size
Result: NOTE
installed size is 13.6Mb
sub-directories of 1Mb or more:
libs 12.8Mb
Flavors: r-release-macos-arm64, r-release-macos-x86_64, r-oldrel-macos-arm64, r-oldrel-macos-x86_64