Last updated on 2024-08-05 09:48:16 CEST.
Flavor | Version | Tinstall | Tcheck | Ttotal | Status | Flags |
---|---|---|---|---|---|---|
r-devel-linux-x86_64-debian-clang | 0.1.1 | 56.69 | 417.14 | 473.83 | OK | |
r-devel-linux-x86_64-debian-gcc | 0.1.1 | 31.17 | 203.76 | 234.93 | OK | |
r-devel-linux-x86_64-fedora-clang | 0.1.1 | 582.95 | NOTE | |||
r-devel-linux-x86_64-fedora-gcc | 0.1.1 | 574.70 | NOTE | |||
r-devel-windows-x86_64 | 0.1.1 | 53.00 | 390.00 | 443.00 | OK | |
r-patched-linux-x86_64 | 0.1.1 | 43.81 | 296.92 | 340.73 | OK | |
r-release-linux-x86_64 | 0.1.1 | 40.41 | 388.71 | 429.12 | OK | |
r-release-macos-arm64 | 0.1.1 | 147.00 | NOTE | |||
r-release-macos-x86_64 | 0.1.1 | 260.00 | NOTE | |||
r-release-windows-x86_64 | 0.1.1 | 55.00 | 383.00 | 438.00 | OK | |
r-oldrel-macos-arm64 | 0.1.1 | 230.00 | NOTE | |||
r-oldrel-macos-x86_64 | 0.1.1 | 396.00 | NOTE | |||
r-oldrel-windows-x86_64 | 0.1.1 | 65.00 | 486.00 | 551.00 | OK |
Version: 0.1.1
Check: Rd cross-references
Result: NOTE
Undeclared packages ‘nominatimlite’, ‘lutz’ in Rd xrefs
Flavor: r-devel-linux-x86_64-fedora-clang
Version: 0.1.1
Check: data for non-ASCII characters
Result: NOTE
Note: found 1 marked UTF-8 string
Flavors: r-devel-linux-x86_64-fedora-clang, r-devel-linux-x86_64-fedora-gcc
Version: 0.1.1
Check: installed package size
Result: NOTE
installed size is 6.8Mb
sub-directories of 1Mb or more:
libs 4.9Mb
Flavors: r-release-macos-arm64, r-release-macos-x86_64, r-oldrel-macos-arm64, r-oldrel-macos-x86_64