Last updated on 2024-08-05 09:48:16 CEST.
Flavor | Version | Tinstall | Tcheck | Ttotal | Status | Flags |
---|---|---|---|---|---|---|
r-devel-linux-x86_64-debian-clang | 0.2 | 1.96 | 22.87 | 24.83 | OK | |
r-devel-linux-x86_64-debian-gcc | 0.2 | 1.70 | 14.03 | 15.73 | OK | |
r-devel-linux-x86_64-fedora-clang | 0.2 | 32.96 | NOTE | |||
r-devel-linux-x86_64-fedora-gcc | 0.2 | 31.05 | OK | |||
r-devel-windows-x86_64 | 0.2 | 3.00 | 39.00 | 42.00 | OK | |
r-patched-linux-x86_64 | 0.2 | 1.96 | 17.50 | 19.46 | OK | |
r-release-linux-x86_64 | 0.2 | 2.56 | 22.53 | 25.09 | OK | |
r-release-macos-arm64 | 0.2 | 13.00 | OK | |||
r-release-macos-x86_64 | 0.2 | 19.00 | OK | |||
r-release-windows-x86_64 | 0.2 | 3.00 | 38.00 | 41.00 | OK | |
r-oldrel-macos-arm64 | 0.2 | 20.00 | OK | |||
r-oldrel-macos-x86_64 | 0.2 | 28.00 | OK | |||
r-oldrel-windows-x86_64 | 0.2 | 3.00 | 39.00 | 42.00 | OK |
Version: 0.2
Check: Rd cross-references
Result: NOTE
Undeclared package ‘usethis’ in Rd xrefs
Flavor: r-devel-linux-x86_64-fedora-clang